{"id":3450,"date":"2022-02-17T12:54:33","date_gmt":"2022-02-17T12:54:33","guid":{"rendered":"https:\/\/www.afecvigo.es\/web\/?page_id=3450"},"modified":"2025-04-16T12:36:54","modified_gmt":"2025-04-16T12:36:54","slug":"reciclaje-2","status":"publish","type":"page","link":"https:\/\/www.afecvigo.es\/web\/?page_id=3450&lang=es","title":{"rendered":"Reciclaje"},"content":{"rendered":"\t\t<div data-elementor-type=\"wp-page\" data-elementor-id=\"3450\" class=\"elementor elementor-3450\">\n\t\t\t\t\t\t<div class=\"elementor-inner\">\n\t\t\t\t<div class=\"elementor-section-wrap\">\n\t\t\t\t\t\t\t\t\t<section class=\"elementor-section elementor-top-section elementor-element elementor-element-b50ffef elementor-section-boxed elementor-section-height-default elementor-section-height-default\" data-id=\"b50ffef\" data-element_type=\"section\">\n\t\t\t\t\t\t<div class=\"elementor-container elementor-column-gap-default\">\n\t\t\t\t\t\t\t<div class=\"elementor-row\">\n\t\t\t\t\t<div class=\"elementor-column elementor-col-100 elementor-top-column elementor-element elementor-element-7f0dbfe\" data-id=\"7f0dbfe\" data-element_type=\"column\">\n\t\t\t<div class=\"elementor-column-wrap elementor-element-populated\">\n\t\t\t\t\t\t\t<div class=\"elementor-widget-wrap\">\n\t\t\t\t\t\t<div class=\"elementor-element elementor-element-66506e3 elementor-widget elementor-widget-image\" data-id=\"66506e3\" data-element_type=\"widget\" data-widget_type=\"image.default\">\n\t\t\t\t<div class=\"elementor-widget-container\">\n\t\t\t\t\t\t\t\t<div class=\"elementor-image\">\n\t\t\t\t\t\t\t\t\t\t\t\t<img loading=\"lazy\" decoding=\"async\" width=\"768\" height=\"576\" src=\"https:\/\/www.afecvigo.es\/web\/wp-content\/uploads\/2022\/11\/IMG_4994-1024x768-1-768x576.jpg\" class=\"attachment-medium_large size-medium_large\" alt=\"\" srcset=\"https:\/\/www.afecvigo.es\/web\/wp-content\/uploads\/2022\/11\/IMG_4994-1024x768-1-768x576.jpg 768w, https:\/\/www.afecvigo.es\/web\/wp-content\/uploads\/2022\/11\/IMG_4994-1024x768-1-300x225.jpg 300w, https:\/\/www.afecvigo.es\/web\/wp-content\/uploads\/2022\/11\/IMG_4994-1024x768-1.jpg 1024w\" sizes=\"auto, (max-width: 768px) 100vw, 768px\" \/>\t\t\t\t\t\t\t\t\t\t\t\t\t\t<\/div>\n\t\t\t\t\t\t<\/div>\n\t\t\t\t<\/div>\n\t\t\t\t\t\t<\/div>\n\t\t\t\t\t<\/div>\n\t\t<\/div>\n\t\t\t\t\t\t\t\t<\/div>\n\t\t\t\t\t<\/div>\n\t\t<\/section>\n\t\t\t\t<section class=\"elementor-section elementor-top-section elementor-element elementor-element-399ed6c4 elementor-section-boxed elementor-section-height-default elementor-section-height-default\" data-id=\"399ed6c4\" data-element_type=\"section\">\n\t\t\t\t\t\t<div class=\"elementor-container elementor-column-gap-default\">\n\t\t\t\t\t\t\t<div class=\"elementor-row\">\n\t\t\t\t\t<div class=\"elementor-column elementor-col-100 elementor-top-column elementor-element elementor-element-b24eb2f\" data-id=\"b24eb2f\" data-element_type=\"column\">\n\t\t\t<div class=\"elementor-column-wrap elementor-element-populated\">\n\t\t\t\t\t\t\t<div class=\"elementor-widget-wrap\">\n\t\t\t\t\t\t<div class=\"elementor-element elementor-element-5a6cd060 elementor-widget elementor-widget-text-editor\" data-id=\"5a6cd060\" data-element_type=\"widget\" data-widget_type=\"text-editor.default\">\n\t\t\t\t<div class=\"elementor-widget-container\">\n\t\t\t\t\t\t\t\t<div class=\"elementor-text-editor elementor-clearfix\">\n\t\t\t\t<!-- wp:paragraph -->\n<p>Las\/os tutoras\/es pueden solicitar un mes de rotaci\u00f3n para actualizarse, si lo desean, cuando tienen residentes en su \u00faltimo a\u00f1o de residencia. El residente de \u00faltimo a\u00f1o se har\u00e1 cargo de toda la actividad correspondiente al tutor, mientras el tutor realiza la estancia formativa.<\/p>\n<!-- \/wp:paragraph -->\n\n<!-- wp:paragraph -->\n<p>La solicitud de rotaci\u00f3n se realiza a trav\u00e9s de la Secretar\u00eda de la Unidad Docente Multidisciplinar de Atenci\u00f3n Familiar y Comunitaria, desde donde se realizar\u00e1n y coordinar\u00e1n todas las gestiones.<\/p>\n<!-- \/wp:paragraph -->\n\n<!-- wp:buttons -->\n<div class=\"wp-block-buttons\"><!-- wp:button {\"style\":{\"border\":{\"radius\":\"0px\"}},\"className\":\"is-style-fill\"} -->\n<div class=\"wp-block-button is-style-fill\"><a class=\"wp-block-button__link\" href=\"https:\/\/www.afecvigo.es\/web\/solicitudes-de-reciclaje\/\" style=\"border-radius:0px\">formulario<\/a><\/div>\n<!-- \/wp:button --><\/div>\n<!-- \/wp:buttons -->\t\t\t\t\t<\/div>\n\t\t\t\t\t\t<\/div>\n\t\t\t\t<\/div>\n\t\t\t\t\t\t<\/div>\n\t\t\t\t\t<\/div>\n\t\t<\/div>\n\t\t\t\t\t\t\t\t<\/div>\n\t\t\t\t\t<\/div>\n\t\t<\/section>\n\t\t\t\t\t\t\t\t\t<\/div>\n\t\t\t<\/div>\n\t\t\t\t\t<\/div>\n\t\t","protected":false},"excerpt":{"rendered":"<p>Las\/os tutoras\/es pueden solicitar un mes de rotaci\u00f3n para actualizarse, si lo desean, cuando tienen residentes en su \u00faltimo a\u00f1o de residencia. El residente de \u00faltimo a\u00f1o se har\u00e1 cargo de toda la actividad correspondiente al tutor, mientras el tutor realiza la estancia formativa. La solicitud de rotaci\u00f3n se realiza a trav\u00e9s de la Secretar\u00eda &hellip;<\/p>\n<p class=\"read-more\"> <a class=\"\" href=\"https:\/\/www.afecvigo.es\/web\/?page_id=3450&#038;lang=es\"> <span class=\"screen-reader-text\">Reciclaje<\/span> Read More &raquo;<\/a><\/p>\n","protected":false},"author":1,"featured_media":5317,"parent":0,"menu_order":0,"comment_status":"closed","ping_status":"closed","template":"elementor_header_footer","meta":{"footnotes":""},"class_list":["post-3450","page","type-page","status-publish","has-post-thumbnail","hentry"],"_links":{"self":[{"href":"https:\/\/www.afecvigo.es\/web\/index.php?rest_route=\/wp\/v2\/pages\/3450","targetHints":{"allow":["GET"]}}],"collection":[{"href":"https:\/\/www.afecvigo.es\/web\/index.php?rest_route=\/wp\/v2\/pages"}],"about":[{"href":"https:\/\/www.afecvigo.es\/web\/index.php?rest_route=\/wp\/v2\/types\/page"}],"author":[{"embeddable":true,"href":"https:\/\/www.afecvigo.es\/web\/index.php?rest_route=\/wp\/v2\/users\/1"}],"replies":[{"embeddable":true,"href":"https:\/\/www.afecvigo.es\/web\/index.php?rest_route=%2Fwp%2Fv2%2Fcomments&post=3450"}],"version-history":[{"count":5,"href":"https:\/\/www.afecvigo.es\/web\/index.php?rest_route=\/wp\/v2\/pages\/3450\/revisions"}],"predecessor-version":[{"id":7617,"href":"https:\/\/www.afecvigo.es\/web\/index.php?rest_route=\/wp\/v2\/pages\/3450\/revisions\/7617"}],"wp:featuredmedia":[{"embeddable":true,"href":"https:\/\/www.afecvigo.es\/web\/index.php?rest_route=\/wp\/v2\/media\/5317"}],"wp:attachment":[{"href":"https:\/\/www.afecvigo.es\/web\/index.php?rest_route=%2Fwp%2Fv2%2Fmedia&parent=3450"}],"curies":[{"name":"wp","href":"https:\/\/api.w.org\/{rel}","templated":true}]}}

<div data-elementor-type="wp-page" data-elementor-id="3450" class="elementor elementor-3450">
						<div class="elementor-inner">
				<div class="elementor-section-wrap">
									<section class="elementor-section elementor-top-section elementor-element elementor-element-b50ffef elementor-section-boxed elementor-section-height-default elementor-section-height-default" data-id="b50ffef" data-element_type="section">
						<div class="elementor-container elementor-column-gap-default">
							<div class="elementor-row">
					<div class="elementor-column elementor-col-100 elementor-top-column elementor-element elementor-element-7f0dbfe" data-id="7f0dbfe" data-element_type="column">
			<div class="elementor-column-wrap elementor-element-populated">
							<div class="elementor-widget-wrap">
						<div class="elementor-element elementor-element-66506e3 elementor-widget elementor-widget-image" data-id="66506e3" data-element_type="widget" data-widget_type="image.default">
				<div class="elementor-widget-container">
								<div class="elementor-image">
												<img loading="lazy" decoding="async" width="768" height="576" src="https://www.afecvigo.es/web/wp-content/uploads/2022/11/IMG_4994-1024x768-1-768x576.jpg" class="attachment-medium_large size-medium_large" alt="" srcset="https://www.afecvigo.es/web/wp-content/uploads/2022/11/IMG_4994-1024x768-1-768x576.jpg 768w, https://www.afecvigo.es/web/wp-content/uploads/2022/11/IMG_4994-1024x768-1-300x225.jpg 300w, https://www.afecvigo.es/web/wp-content/uploads/2022/11/IMG_4994-1024x768-1.jpg 1024w" sizes="auto, (max-width: 768px) 100vw, 768px" />														</div>
						</div>
				</div>
						</div>
					</div>
		</div>
								</div>
					</div>
		</section>
				<section class="elementor-section elementor-top-section elementor-element elementor-element-399ed6c4 elementor-section-boxed elementor-section-height-default elementor-section-height-default" data-id="399ed6c4" data-element_type="section">
						<div class="elementor-container elementor-column-gap-default">
							<div class="elementor-row">
					<div class="elementor-column elementor-col-100 elementor-top-column elementor-element elementor-element-b24eb2f" data-id="b24eb2f" data-element_type="column">
			<div class="elementor-column-wrap elementor-element-populated">
							<div class="elementor-widget-wrap">
						<div class="elementor-element elementor-element-5a6cd060 elementor-widget elementor-widget-text-editor" data-id="5a6cd060" data-element_type="widget" data-widget_type="text-editor.default">
				<div class="elementor-widget-container">
								<div class="elementor-text-editor elementor-clearfix">
				<!-- wp:paragraph -->
<p>Las/os tutoras/es pueden solicitar un mes de rotación para actualizarse, si lo desean, cuando tienen residentes en su último año de residencia. El residente de último año se hará cargo de toda la actividad correspondiente al tutor, mientras el tutor realiza la estancia formativa.</p>
<!-- /wp:paragraph -->

<!-- wp:paragraph -->
<p>La solicitud de rotación se realiza a través de la Secretaría de la Unidad Docente Multidisciplinar de Atención Familiar y Comunitaria, desde donde se realizarán y coordinarán todas las gestiones.</p>
<!-- /wp:paragraph -->

<!-- wp:buttons -->
<div class="wp-block-buttons"><!-- wp:button {"style":{"border":{"radius":"0px"}},"className":"is-style-fill"} -->
<div class="wp-block-button is-style-fill"><a class="wp-block-button__link" href="https://www.afecvigo.es/web/solicitudes-de-reciclaje/" style="border-radius:0px">formulario</a></div>
<!-- /wp:button --></div>
<!-- /wp:buttons -->					</div>
						</div>
				</div>
						</div>
					</div>
		</div>
								</div>
					</div>
		</section>
									</div>
			</div>
					</div>

<p>Las/os tutoras/es pueden solicitar un mes de rotación para actualizarse, si lo desean, cuando tienen residentes en su último año de residencia. El residente de último año se hará cargo de toda la actividad correspondiente al tutor, mientras el tutor realiza la estancia formativa. La solicitud de rotación se realiza a través de la Secretaría &hellip;</p>
<p class="read-more"> <a class="" href="https://www.afecvigo.es/web/?page_id=3450&#038;lang=es"> <span class="screen-reader-text">Reciclaje</span> Read More &raquo;</a></p>
