{"id":3449,"date":"2022-02-17T12:54:35","date_gmt":"2022-02-17T12:54:35","guid":{"rendered":"https:\/\/www.afecvigo.es\/web\/?page_id=3449"},"modified":"2025-04-16T12:07:02","modified_gmt":"2025-04-16T12:07:02","slug":"puntos-de-atencion-continuada-2","status":"publish","type":"page","link":"https:\/\/www.afecvigo.es\/web\/?page_id=3449&lang=es","title":{"rendered":"Puntos de atenci\u00f3n continuada"},"content":{"rendered":"\t\t<div data-elementor-type=\"wp-page\" data-elementor-id=\"3449\" class=\"elementor elementor-3449\">\n\t\t\t\t\t\t<div class=\"elementor-inner\">\n\t\t\t\t<div class=\"elementor-section-wrap\">\n\t\t\t\t\t\t\t\t\t<section class=\"elementor-section elementor-top-section elementor-element elementor-element-4c8870e3 elementor-section-boxed elementor-section-height-default elementor-section-height-default\" data-id=\"4c8870e3\" data-element_type=\"section\">\n\t\t\t\t\t\t<div class=\"elementor-container elementor-column-gap-default\">\n\t\t\t\t\t\t\t<div class=\"elementor-row\">\n\t\t\t\t\t<div class=\"elementor-column elementor-col-100 elementor-top-column elementor-element elementor-element-6e172304\" data-id=\"6e172304\" data-element_type=\"column\">\n\t\t\t<div class=\"elementor-column-wrap elementor-element-populated\">\n\t\t\t\t\t\t\t<div class=\"elementor-widget-wrap\">\n\t\t\t\t\t\t<div class=\"elementor-element elementor-element-4d2fb641 elementor-widget elementor-widget-text-editor\" data-id=\"4d2fb641\" data-element_type=\"widget\" data-widget_type=\"text-editor.default\">\n\t\t\t\t<div class=\"elementor-widget-container\">\n\t\t\t\t\t\t\t\t<div class=\"elementor-text-editor elementor-clearfix\">\n\t\t\t\t<!-- wp:image {\"align\":\"center\",\"id\":926,\"width\":800} -->\n<figure class=\"wp-block-image aligncenter is-resized\"><img decoding=\"async\" src=\"http:\/\/www.udmdeafycdevigo.com\/wp-content\/uploads\/2020\/12\/cpac.png\" alt=\"\" class=\"wp-image-926\" width=\"800\" srcset=\"https:\/\/www.afecvigo.es\/web\/wp-content\/uploads\/2020\/12\/cpac.png 965w, https:\/\/www.afecvigo.es\/web\/wp-content\/uploads\/2020\/12\/cpac-300x231.png 300w, https:\/\/www.afecvigo.es\/web\/wp-content\/uploads\/2020\/12\/cpac-768x591.png 768w\" sizes=\"(max-width: 965px) 100vw, 965px\" \/><\/figure>\n<!-- \/wp:image -->\n\n<!-- wp:heading {\"textAlign\":\"center\",\"level\":4} -->\n<h4 class=\"has-text-align-center\">Responsables docentes<\/h4>\n<!-- \/wp:heading -->\n\n<!-- wp:columns -->\n<div class=\"wp-block-columns\"><!-- wp:column -->\n<div class=\"wp-block-column\"><!-- wp:freeform -->\n<p class=\"has-text-align-center\">PAC PORRI\u00d1O<\/p>\n<!-- \/wp:freeform -->\n\n<!-- wp:paragraph {\"align\":\"center\",\"style\":{\"color\":{\"background\":\"#edf0f2\"}}} -->\n<p class=\"has-text-align-center has-background\" style=\"background-color:#edf0f2\"><strong>PAC VALMI\u00d1OR <\/strong><\/p>\n<!-- \/wp:paragraph -->\n\n<!-- wp:freeform -->\n<p class=\"has-text-align-center\">PAC REDONDELA<\/p>\n<!-- \/wp:freeform -->\n\n<!-- wp:paragraph {\"align\":\"center\",\"style\":{\"color\":{\"background\":\"#edf0f2\"}}} -->\n<p class=\"has-text-align-center has-background\" style=\"background-color:#edf0f2\"><strong>PAC CANGAS <\/strong><\/p>\n<!-- \/wp:paragraph -->\n\n<!-- wp:paragraph {\"align\":\"center\"} -->\n<p class=\"has-text-align-center\">PAC PONTEAREAS <\/p>\n<!-- \/wp:paragraph -->\n\n<!-- wp:paragraph {\"align\":\"center\",\"style\":{\"color\":{\"background\":\"#edf0f2\"}}} -->\n<p class=\"has-text-align-center has-background\" style=\"background-color:#edf0f2\"><strong>PAC A CA\u00d1IZA <\/strong><\/p>\n<!-- \/wp:paragraph -->\n\n<!-- wp:paragraph {\"align\":\"center\"} -->\n<p class=\"has-text-align-center\">PAC A GUARDA <\/p>\n<!-- \/wp:paragraph --><\/div>\n<!-- \/wp:column -->\n\n<!-- wp:column -->\n<div class=\"wp-block-column\"><!-- wp:paragraph {\"align\":\"center\"} -->\n<p class=\"has-text-align-center\">Xiana Rodr\u00edguez Villal\u00f3n<\/p>\n<!-- \/wp:paragraph -->\n\n<!-- wp:paragraph {\"align\":\"center\",\"style\":{\"color\":{\"background\":\"#edf0f2\"}}} -->\n<p class=\"has-text-align-center has-background\" style=\"background-color:#edf0f2\"><strong>Tatiana Rodr\u00edguez P\u00e9rez<\/strong><\/p>\n<!-- \/wp:paragraph -->\n\n<!-- wp:paragraph {\"align\":\"center\"} -->\n<p class=\"has-text-align-center\">Jose Ru\u00edz Almendros<\/p>\n<!-- \/wp:paragraph -->\n\n<!-- wp:paragraph {\"align\":\"center\",\"style\":{\"color\":{\"background\":\"#edf0f2\"}}} -->\n<p class=\"has-text-align-center has-background\" style=\"background-color:#edf0f2\"><strong>Cristina Herv\u00e9s Beloso<\/strong><\/p>\n<!-- \/wp:paragraph -->\n\n<!-- wp:paragraph {\"align\":\"center\"} -->\n<p class=\"has-text-align-center\">Isabel Lorenzo Masid<\/p>\n<!-- \/wp:paragraph -->\n\n<!-- wp:paragraph {\"align\":\"center\",\"style\":{\"color\":{\"background\":\"#edf0f2\"}}} -->\n<p class=\"has-text-align-center has-background\" style=\"background-color:#edf0f2\"><strong>Marcela Muchova<\/strong><\/p>\n<!-- \/wp:paragraph -->\n\n<!-- wp:paragraph {\"align\":\"center\"} -->\n<p class=\"has-text-align-center\">Gabriel Romero de \u00c1vila Cabez\u00f3n<\/p>\n<!-- \/wp:paragraph --><\/div>\n<!-- \/wp:column --><\/div>\n<!-- \/wp:columns -->\t\t\t\t\t<\/div>\n\t\t\t\t\t\t<\/div>\n\t\t\t\t<\/div>\n\t\t\t\t\t\t<\/div>\n\t\t\t\t\t<\/div>\n\t\t<\/div>\n\t\t\t\t\t\t\t\t<\/div>\n\t\t\t\t\t<\/div>\n\t\t<\/section>\n\t\t\t\t\t\t\t\t\t<\/div>\n\t\t\t<\/div>\n\t\t\t\t\t<\/div>\n\t\t","protected":false},"excerpt":{"rendered":"<p>Responsables docentes PAC PORRI\u00d1O PAC VALMI\u00d1OR PAC REDONDELA PAC CANGAS PAC PONTEAREAS PAC A CA\u00d1IZA PAC A GUARDA Xiana Rodr\u00edguez Villal\u00f3n Tatiana Rodr\u00edguez P\u00e9rez Jose Ru\u00edz Almendros Cristina Herv\u00e9s Beloso Isabel Lorenzo Masid Marcela Muchova Gabriel Romero de \u00c1vila Cabez\u00f3n<\/p>\n","protected":false},"author":1,"featured_media":5322,"parent":0,"menu_order":0,"comment_status":"closed","ping_status":"closed","template":"elementor_header_footer","meta":{"footnotes":""},"class_list":["post-3449","page","type-page","status-publish","has-post-thumbnail","hentry"],"_links":{"self":[{"href":"https:\/\/www.afecvigo.es\/web\/index.php?rest_route=\/wp\/v2\/pages\/3449","targetHints":{"allow":["GET"]}}],"collection":[{"href":"https:\/\/www.afecvigo.es\/web\/index.php?rest_route=\/wp\/v2\/pages"}],"about":[{"href":"https:\/\/www.afecvigo.es\/web\/index.php?rest_route=\/wp\/v2\/types\/page"}],"author":[{"embeddable":true,"href":"https:\/\/www.afecvigo.es\/web\/index.php?rest_route=\/wp\/v2\/users\/1"}],"replies":[{"embeddable":true,"href":"https:\/\/www.afecvigo.es\/web\/index.php?rest_route=%2Fwp%2Fv2%2Fcomments&post=3449"}],"version-history":[{"count":5,"href":"https:\/\/www.afecvigo.es\/web\/index.php?rest_route=\/wp\/v2\/pages\/3449\/revisions"}],"predecessor-version":[{"id":7500,"href":"https:\/\/www.afecvigo.es\/web\/index.php?rest_route=\/wp\/v2\/pages\/3449\/revisions\/7500"}],"wp:featuredmedia":[{"embeddable":true,"href":"https:\/\/www.afecvigo.es\/web\/index.php?rest_route=\/wp\/v2\/media\/5322"}],"wp:attachment":[{"href":"https:\/\/www.afecvigo.es\/web\/index.php?rest_route=%2Fwp%2Fv2%2Fmedia&parent=3449"}],"curies":[{"name":"wp","href":"https:\/\/api.w.org\/{rel}","templated":true}]}}