{"id":3448,"date":"2022-02-17T12:54:38","date_gmt":"2022-02-17T12:54:38","guid":{"rendered":"https:\/\/www.afecvigo.es\/web\/?page_id=3448"},"modified":"2025-04-11T08:47:25","modified_gmt":"2025-04-11T08:47:25","slug":"programa-oficial-de-la-especialidad","status":"publish","type":"page","link":"https:\/\/www.afecvigo.es\/web\/?page_id=3448&lang=es","title":{"rendered":"Programa oficial de la especialidad"},"content":{"rendered":"\t\t<div data-elementor-type=\"wp-page\" data-elementor-id=\"3448\" class=\"elementor elementor-3448\">\n\t\t\t\t\t\t<div class=\"elementor-inner\">\n\t\t\t\t<div class=\"elementor-section-wrap\">\n\t\t\t\t\t\t\t\t\t<section class=\"elementor-section elementor-top-section elementor-element elementor-element-59a517bb elementor-section-boxed elementor-section-height-default elementor-section-height-default\" data-id=\"59a517bb\" data-element_type=\"section\">\n\t\t\t\t\t\t<div class=\"elementor-container elementor-column-gap-default\">\n\t\t\t\t\t\t\t<div class=\"elementor-row\">\n\t\t\t\t\t<div class=\"elementor-column elementor-col-100 elementor-top-column elementor-element elementor-element-54bdf2ef\" data-id=\"54bdf2ef\" data-element_type=\"column\">\n\t\t\t<div class=\"elementor-column-wrap elementor-element-populated\">\n\t\t\t\t\t\t\t<div class=\"elementor-widget-wrap\">\n\t\t\t\t\t\t<div class=\"elementor-element elementor-element-56804478 elementor-widget elementor-widget-text-editor\" data-id=\"56804478\" data-element_type=\"widget\" data-widget_type=\"text-editor.default\">\n\t\t\t\t<div class=\"elementor-widget-container\">\n\t\t\t\t\t\t\t\t<div class=\"elementor-text-editor elementor-clearfix\">\n\t\t\t\t<p><!-- wp:heading --><\/p>\n<h2>M\u00e9dico Interno Residente (MIR)<\/h2>\n<p><!-- \/wp:heading --><\/p>\n<p><!-- wp:paragraph --><\/p>\n<p><strong>Plan Oficial de la Especialidad (2005) aplicable hasta la PROMOCI\u00d3N 2024<\/strong><\/p>\n<p><!-- \/wp:paragraph --><\/p>\n<p><!-- wp:file {\"id\":1922,\"href\":\"https:\/\/www.afecvigo.es\/web\/wp-content\/uploads\/2021\/07\/POE-Medicina-de-Familia.pdf\"} --><\/p>\n<div class=\"wp-block-file\"><a id=\"wp-block-file--media-af680af6-39e0-4426-94c9-8e53bdaeb02d\" href=\"https:\/\/www.afecvigo.es\/web\/wp-content\/uploads\/2021\/07\/POE-Medicina-de-Familia.pdf\">POE-Medicina-de-Familia<\/a><a class=\"wp-block-file__button\" href=\"https:\/\/www.afecvigo.es\/web\/wp-content\/uploads\/2021\/07\/POE-Medicina-de-Familia.pdf\" download=\"\" aria-describedby=\"wp-block-file--media-af680af6-39e0-4426-94c9-8e53bdaeb02d\">Descarga<\/a><\/div>\n<p><!-- \/wp:file --><\/p>\n<p><!-- wp:paragraph --><\/p>\n<p><strong>Plan Oficial de la Especialidad (2025) aplicable a partir de la PROMOCI\u00d3N 2025<\/strong><\/p>\n<p><!-- \/wp:paragraph --><\/p>\n<p><!-- wp:file {\"id\":6487,\"href\":\"https:\/\/www.afecvigo.es\/web\/wp-content\/uploads\/2024\/10\/BOE-A-2024-15685.pdf\",\"displayPreview\":false} --><\/p>\n<div class=\"wp-block-file\"><a id=\"wp-block-file--media-af680af6-39e0-4426-94c9-8e53bdaeb02d\" href=\"https:\/\/www.afecvigo.es\/web\/wp-content\/uploads\/2024\/10\/BOE-A-2024-15685.pdf\">POE 2025 &#8211; BOE-A-2024-15685<\/a><a class=\"wp-block-file__button\" href=\"https:\/\/www.afecvigo.es\/web\/wp-content\/uploads\/2024\/10\/BOE-A-2024-15685.pdf\" download=\"\" aria-describedby=\"wp-block-file--media-af680af6-39e0-4426-94c9-8e53bdaeb02d\">Descarga<\/a><\/div>\n<p><!-- \/wp:file --><\/p>\n<p><!-- wp:paragraph --><\/p>\n<p><strong>Gu\u00eda del Residente 2024 (Ministerio de Sanidad)<\/strong><\/p>\n<p><!-- \/wp:paragraph --><\/p>\n<p><!-- wp:file {\"id\":6529,\"href\":\"https:\/\/www.afecvigo.es\/web\/wp-content\/uploads\/2025\/04\/Guia_del_periodo_de_residencia_en_formacion_sanitaria_especializada_2024-1.pdf\",\"displayPreview\":false} --><\/p>\n<div class=\"wp-block-file\"><a id=\"wp-block-file--media-af680af6-39e0-4426-94c9-8e53bdaeb02d\" href=\"https:\/\/www.afecvigo.es\/web\/wp-content\/uploads\/2025\/04\/Guia_del_periodo_de_residencia_en_formacion_sanitaria_especializada_2024-1.pdf\">Guia_del_periodo_de_residencia_en_formacion_sanitaria_especializada_2024-1<\/a><a class=\"wp-block-file__button\" href=\"https:\/\/www.afecvigo.es\/web\/wp-content\/uploads\/2025\/04\/Guia_del_periodo_de_residencia_en_formacion_sanitaria_especializada_2024-1.pdf\" download=\"\" aria-describedby=\"wp-block-file--media-af680af6-39e0-4426-94c9-8e53bdaeb02d\">Descarga<\/a><\/div>\n<p><!-- \/wp:file --><\/p>\n<p><!-- wp:heading --><\/p>\n<h2>Enfermera Interna Residente (EIR)<\/h2>\n<p><!-- \/wp:heading --><\/p>\n<p><!-- wp:paragraph --><\/p>\n<p><strong>Programa Formativo de la Especialidad de Enfermer\u00eda Familiar y Comunitaria<\/strong><\/p>\n<p><!-- \/wp:paragraph --><\/p>\n<p><!-- wp:file {\"id\":1923,\"href\":\"https:\/\/www.afecvigo.es\/web\/wp-content\/uploads\/2021\/07\/Orden-SAS-1729-2010-17junio-espec-EFyC.pdf\"} --><\/p>\n<div class=\"wp-block-file\"><a id=\"wp-block-file--media-b3917950-466a-484f-8d7f-f1e2ac9d0f93\" href=\"https:\/\/www.afecvigo.es\/web\/wp-content\/uploads\/2021\/07\/Orden-SAS-1729-2010-17junio-espec-EFyC.pdf\">Orden-SAS-1729-2010-17junio-espec-EFyC<\/a><a class=\"wp-block-file__button\" href=\"https:\/\/www.afecvigo.es\/web\/wp-content\/uploads\/2021\/07\/Orden-SAS-1729-2010-17junio-espec-EFyC.pdf\" download=\"\" aria-describedby=\"wp-block-file--media-b3917950-466a-484f-8d7f-f1e2ac9d0f93\">Descarga<\/a><\/div>\n<p><!-- \/wp:file --><\/p>\n<p><!-- wp:paragraph --><\/p>\n<p>&nbsp;<\/p>\n<p><!-- \/wp:paragraph --><\/p>\t\t\t\t\t<\/div>\n\t\t\t\t\t\t<\/div>\n\t\t\t\t<\/div>\n\t\t\t\t\t\t<\/div>\n\t\t\t\t\t<\/div>\n\t\t<\/div>\n\t\t\t\t\t\t\t\t<\/div>\n\t\t\t\t\t<\/div>\n\t\t<\/section>\n\t\t\t\t\t\t\t\t\t<\/div>\n\t\t\t<\/div>\n\t\t\t\t\t<\/div>\n\t\t","protected":false},"excerpt":{"rendered":"<p>M\u00e9dico Interno Residente (MIR) Plan Oficial de la Especialidad (2005) aplicable hasta la PROMOCI\u00d3N 2024 Plan Oficial de la Especialidad (2025) aplicable a partir de la PROMOCI\u00d3N 2025 Gu\u00eda del Residente 2024 (Ministerio de Sanidad) Enfermera Interna Residente (EIR) Programa Formativo de la Especialidad de Enfermer\u00eda Familiar y Comunitaria &nbsp;<\/p>\n","protected":false},"author":1,"featured_media":1925,"parent":0,"menu_order":0,"comment_status":"closed","ping_status":"closed","template":"","meta":{"footnotes":""},"class_list":["post-3448","page","type-page","status-publish","has-post-thumbnail","hentry"],"_links":{"self":[{"href":"https:\/\/www.afecvigo.es\/web\/index.php?rest_route=\/wp\/v2\/pages\/3448","targetHints":{"allow":["GET"]}}],"collection":[{"href":"https:\/\/www.afecvigo.es\/web\/index.php?rest_route=\/wp\/v2\/pages"}],"about":[{"href":"https:\/\/www.afecvigo.es\/web\/index.php?rest_route=\/wp\/v2\/types\/page"}],"author":[{"embeddable":true,"href":"https:\/\/www.afecvigo.es\/web\/index.php?rest_route=\/wp\/v2\/users\/1"}],"replies":[{"embeddable":true,"href":"https:\/\/www.afecvigo.es\/web\/index.php?rest_route=%2Fwp%2Fv2%2Fcomments&post=3448"}],"version-history":[{"count":5,"href":"https:\/\/www.afecvigo.es\/web\/index.php?rest_route=\/wp\/v2\/pages\/3448\/revisions"}],"predecessor-version":[{"id":6721,"href":"https:\/\/www.afecvigo.es\/web\/index.php?rest_route=\/wp\/v2\/pages\/3448\/revisions\/6721"}],"wp:featuredmedia":[{"embeddable":true,"href":"https:\/\/www.afecvigo.es\/web\/index.php?rest_route=\/wp\/v2\/media\/1925"}],"wp:attachment":[{"href":"https:\/\/www.afecvigo.es\/web\/index.php?rest_route=%2Fwp%2Fv2%2Fmedia&parent=3448"}],"curies":[{"name":"wp","href":"https:\/\/api.w.org\/{rel}","templated":true}]}}