{"id":3443,"date":"2022-02-17T12:53:18","date_gmt":"2022-02-17T12:53:18","guid":{"rendered":"https:\/\/www.afecvigo.es\/web\/?page_id=3443"},"modified":"2025-04-16T12:35:35","modified_gmt":"2025-04-16T12:35:35","slug":"procedimiento-en-situaciones-especiales-2","status":"publish","type":"page","link":"https:\/\/www.afecvigo.es\/web\/?page_id=3443&lang=es","title":{"rendered":"Procedimiento en situaciones especiales"},"content":{"rendered":"\t\t<div data-elementor-type=\"wp-page\" data-elementor-id=\"3443\" class=\"elementor elementor-3443\">\n\t\t\t\t\t\t<div class=\"elementor-inner\">\n\t\t\t\t<div class=\"elementor-section-wrap\">\n\t\t\t\t\t\t\t\t\t<section class=\"elementor-section elementor-top-section elementor-element elementor-element-b690023 elementor-section-boxed elementor-section-height-default elementor-section-height-default\" data-id=\"b690023\" data-element_type=\"section\">\n\t\t\t\t\t\t<div class=\"elementor-container elementor-column-gap-default\">\n\t\t\t\t\t\t\t<div class=\"elementor-row\">\n\t\t\t\t\t<div class=\"elementor-column elementor-col-100 elementor-top-column elementor-element elementor-element-159091c3\" data-id=\"159091c3\" data-element_type=\"column\">\n\t\t\t<div class=\"elementor-column-wrap elementor-element-populated\">\n\t\t\t\t\t\t\t<div class=\"elementor-widget-wrap\">\n\t\t\t\t\t\t<div class=\"elementor-element elementor-element-63fbd936 elementor-widget elementor-widget-text-editor\" data-id=\"63fbd936\" data-element_type=\"widget\" data-widget_type=\"text-editor.default\">\n\t\t\t\t<div class=\"elementor-widget-container\">\n\t\t\t\t\t\t\t\t<div class=\"elementor-text-editor elementor-clearfix\">\n\t\t\t\t<!-- wp:heading -->\n<h2>Actuaci\u00f3n en caso de accidente de trabajo<\/h2>\n<!-- \/wp:heading -->\n\n<!-- wp:paragraph -->\n<p>Deben notificarse todos los incidentes susceptibles de ser considerados accidentes de trabajo (con o sin baja), las posibles enfermedades laborales y los episodios de violencia externa, si bien su notificaci\u00f3n no implica automaticamente el reconocimiento como tales. En caso de lesiones que requieran atenci\u00f3n m\u00e9dica, el trabajador accidentado acudir\u00e1, si es preciso, al Servicio de Urgencias, al Centro de Salud o Punto de Atenci\u00f3n Continuada e informar\u00e1, con la mayor brevedad, a su superior jer\u00e1rquico del suceso acontecido. Cuando no fuese posible contactar con \u00e9l de forma inmediata, el profesional proceder\u00e1 a informalo a la mayor brevedad.<\/p>\n<!-- \/wp:paragraph -->\n\n<!-- wp:paragraph -->\n<p>Para conocer el protocolo interno de actuaci\u00f3n:<\/p>\n<!-- \/wp:paragraph -->\n\n<!-- wp:buttons -->\n<div class=\"wp-block-buttons\"><!-- wp:button -->\n<div class=\"wp-block-button\"><a class=\"wp-block-button__link\" href=\"https:\/\/cursos.afecvigo.es\/pluginfile.php\/3839\/mod_resource\/content\/1\/P-PRL%2007%20Procedemento%20notificacion%20interna%20Xesd%40%20%28ed%202%29_20170310_110002_0590.pdf\" target=\"_blank\" rel=\"noreferrer noopener\">Pulsa aqu\u00ed<\/a><\/div>\n<!-- \/wp:button --><\/div>\n<!-- \/wp:buttons -->\n\n<!-- wp:heading -->\n<h2>Procediemento en materia de violencia laboral<\/h2>\n<!-- \/wp:heading -->\n\n<!-- wp:paragraph -->\n<p>Una vez que acontezca un episodio de violencia laboral de origen externa deber\u00e1 seguirse el procedimiento de actuaci\u00f3n. Todos los trabajadores deben conocer el protocolo interno para saber actuar ante situaciones conflitivas.<\/p>\n<!-- \/wp:paragraph -->\n\n<!-- wp:paragraph -->\n<p>Consulta en el siguiente enlace:<\/p>\n<!-- \/wp:paragraph -->\n\n<!-- wp:buttons -->\n<div class=\"wp-block-buttons\"><!-- wp:button -->\n<div class=\"wp-block-button\"><a class=\"wp-block-button__link\" href=\"https:\/\/cursos.afecvigo.es\/pluginfile.php\/3840\/mod_resource\/content\/1\/Violencia%20Externa_PEVE_%20EOXI%20Vigo%20Ed.4%20_2017_20171120_102717_2666.pdf\" target=\"_blank\" rel=\"noreferrer noopener\">Pulsa aqu\u00ed<\/a><\/div>\n<!-- \/wp:button --><\/div>\n<!-- \/wp:buttons -->\n\n<!-- wp:paragraph -->\n<p><\/p>\n<!-- \/wp:paragraph -->\n\n<!-- wp:paragraph -->\n<p>No olvides que si te sientes amenazado o en una situaci\u00f3n conflictiva, en el margen inferior de tu pantalla de ordenador tienes el llamado \u201cbot\u00f3n do p\u00e1nico\u201d, el bot\u00f3n rojo SOS, que funciona s\u00f3lo con pulsar en \u00e9l.<\/p>\n<!-- \/wp:paragraph -->\n\n<!-- wp:heading -->\n<h2>Procedimiento en materia de violencia de g\u00e9nero<\/h2>\n<!-- \/wp:heading -->\n\n<!-- wp:paragraph -->\n<p>Es importante el conocimiento y cumplimiento de este procedimiento que no s\u00f3lo recoge las pautas de actuaci\u00f3n en la consulta ante a violencia de g\u00e9nero sino tambi\u00e9n ante las sospechas de un posible caso de violencia de g\u00e9nero y las actuaciones a llevar a cabo con otros organissmos. De especial relevancia el el apartado de instrucciones para cubrir el parte de lesiones.<\/p>\n<!-- \/wp:paragraph -->\n\n<!-- wp:paragraph -->\n<p>Enlace al contenido<\/p>\n<!-- \/wp:paragraph -->\n\n<!-- wp:buttons -->\n<div class=\"wp-block-buttons\"><!-- wp:button -->\n<div class=\"wp-block-button\"><a class=\"wp-block-button__link\" href=\"https:\/\/cursos.afecvigo.es\/pluginfile.php\/3841\/mod_resource\/content\/1\/PROCD%20Violencia_de_xe%CC%81nero._GALEGO_20210204_081502_5711.pdf\" target=\"_blank\" rel=\"noreferrer noopener\">Pulsa aqu\u00ed<\/a><\/div>\n<!-- \/wp:button --><\/div>\n<!-- \/wp:buttons -->\t\t\t\t\t<\/div>\n\t\t\t\t\t\t<\/div>\n\t\t\t\t<\/div>\n\t\t\t\t\t\t<\/div>\n\t\t\t\t\t<\/div>\n\t\t<\/div>\n\t\t\t\t\t\t\t\t<\/div>\n\t\t\t\t\t<\/div>\n\t\t<\/section>\n\t\t\t\t\t\t\t\t\t<\/div>\n\t\t\t<\/div>\n\t\t\t\t\t<\/div>\n\t\t","protected":false},"excerpt":{"rendered":"<p>Actuaci\u00f3n en caso de accidente de trabajo Deben notificarse todos los incidentes susceptibles de ser considerados accidentes de trabajo (con o sin baja), las posibles enfermedades laborales y los episodios de violencia externa, si bien su notificaci\u00f3n no implica automaticamente el reconocimiento como tales. En caso de lesiones que requieran atenci\u00f3n m\u00e9dica, el trabajador accidentado &hellip;<\/p>\n<p class=\"read-more\"> <a class=\"\" href=\"https:\/\/www.afecvigo.es\/web\/?page_id=3443&#038;lang=es\"> <span class=\"screen-reader-text\">Procedimiento en situaciones especiales<\/span> Read More &raquo;<\/a><\/p>\n","protected":false},"author":1,"featured_media":0,"parent":0,"menu_order":0,"comment_status":"closed","ping_status":"closed","template":"elementor_header_footer","meta":{"footnotes":""},"class_list":["post-3443","page","type-page","status-publish","hentry"],"_links":{"self":[{"href":"https:\/\/www.afecvigo.es\/web\/index.php?rest_route=\/wp\/v2\/pages\/3443","targetHints":{"allow":["GET"]}}],"collection":[{"href":"https:\/\/www.afecvigo.es\/web\/index.php?rest_route=\/wp\/v2\/pages"}],"about":[{"href":"https:\/\/www.afecvigo.es\/web\/index.php?rest_route=\/wp\/v2\/types\/page"}],"author":[{"embeddable":true,"href":"https:\/\/www.afecvigo.es\/web\/index.php?rest_route=\/wp\/v2\/users\/1"}],"replies":[{"embeddable":true,"href":"https:\/\/www.afecvigo.es\/web\/index.php?rest_route=%2Fwp%2Fv2%2Fcomments&post=3443"}],"version-history":[{"count":8,"href":"https:\/\/www.afecvigo.es\/web\/index.php?rest_route=\/wp\/v2\/pages\/3443\/revisions"}],"predecessor-version":[{"id":7606,"href":"https:\/\/www.afecvigo.es\/web\/index.php?rest_route=\/wp\/v2\/pages\/3443\/revisions\/7606"}],"wp:attachment":[{"href":"https:\/\/www.afecvigo.es\/web\/index.php?rest_route=%2Fwp%2Fv2%2Fmedia&parent=3443"}],"curies":[{"name":"wp","href":"https:\/\/api.w.org\/{rel}","templated":true}]}}

<div data-elementor-type="wp-page" data-elementor-id="3443" class="elementor elementor-3443">
						<div class="elementor-inner">
				<div class="elementor-section-wrap">
									<section class="elementor-section elementor-top-section elementor-element elementor-element-b690023 elementor-section-boxed elementor-section-height-default elementor-section-height-default" data-id="b690023" data-element_type="section">
						<div class="elementor-container elementor-column-gap-default">
							<div class="elementor-row">
					<div class="elementor-column elementor-col-100 elementor-top-column elementor-element elementor-element-159091c3" data-id="159091c3" data-element_type="column">
			<div class="elementor-column-wrap elementor-element-populated">
							<div class="elementor-widget-wrap">
						<div class="elementor-element elementor-element-63fbd936 elementor-widget elementor-widget-text-editor" data-id="63fbd936" data-element_type="widget" data-widget_type="text-editor.default">
				<div class="elementor-widget-container">
								<div class="elementor-text-editor elementor-clearfix">
				<!-- wp:heading -->
<h2>Actuación en caso de accidente de trabajo</h2>
<!-- /wp:heading -->

<!-- wp:paragraph -->
<p>Deben notificarse todos los incidentes susceptibles de ser considerados accidentes de trabajo (con o sin baja), las posibles enfermedades laborales y los episodios de violencia externa, si bien su notificación no implica automaticamente el reconocimiento como tales. En caso de lesiones que requieran atención médica, el trabajador accidentado acudirá, si es preciso, al Servicio de Urgencias, al Centro de Salud o Punto de Atención Continuada e informará, con la mayor brevedad, a su superior jerárquico del suceso acontecido. Cuando no fuese posible contactar con él de forma inmediata, el profesional procederá a informalo a la mayor brevedad.</p>
<!-- /wp:paragraph -->

<!-- wp:paragraph -->
<p>Para conocer el protocolo interno de actuación:</p>
<!-- /wp:paragraph -->

<!-- wp:buttons -->
<div class="wp-block-buttons"><!-- wp:button -->
<div class="wp-block-button"><a class="wp-block-button__link" href="https://cursos.afecvigo.es/pluginfile.php/3839/mod_resource/content/1/P-PRL%2007%20Procedemento%20notificacion%20interna%20Xesd%40%20%28ed%202%29_20170310_110002_0590.pdf" target="_blank" rel="noreferrer noopener">Pulsa aquí</a></div>
<!-- /wp:button --></div>
<!-- /wp:buttons -->

<!-- wp:heading -->
<h2>Procediemento en materia de violencia laboral</h2>
<!-- /wp:heading -->

<!-- wp:paragraph -->
<p>Una vez que acontezca un episodio de violencia laboral de origen externa deberá seguirse el procedimiento de actuación. Todos los trabajadores deben conocer el protocolo interno para saber actuar ante situaciones conflitivas.</p>
<!-- /wp:paragraph -->

<!-- wp:paragraph -->
<p>Consulta en el siguiente enlace:</p>
<!-- /wp:paragraph -->

<!-- wp:buttons -->
<div class="wp-block-buttons"><!-- wp:button -->
<div class="wp-block-button"><a class="wp-block-button__link" href="https://cursos.afecvigo.es/pluginfile.php/3840/mod_resource/content/1/Violencia%20Externa_PEVE_%20EOXI%20Vigo%20Ed.4%20_2017_20171120_102717_2666.pdf" target="_blank" rel="noreferrer noopener">Pulsa aquí</a></div>
<!-- /wp:button --></div>
<!-- /wp:buttons -->

<!-- wp:paragraph -->
<p></p>
<!-- /wp:paragraph -->

<!-- wp:paragraph -->
<p>No olvides que si te sientes amenazado o en una situación conflictiva, en el margen inferior de tu pantalla de ordenador tienes el llamado “botón do pánico”, el botón rojo SOS, que funciona sólo con pulsar en él.</p>
<!-- /wp:paragraph -->

<!-- wp:heading -->
<h2>Procedimiento en materia de violencia de género</h2>
<!-- /wp:heading -->

<!-- wp:paragraph -->
<p>Es importante el conocimiento y cumplimiento de este procedimiento que no sólo recoge las pautas de actuación en la consulta ante a violencia de género sino también ante las sospechas de un posible caso de violencia de género y las actuaciones a llevar a cabo con otros organissmos. De especial relevancia el el apartado de instrucciones para cubrir el parte de lesiones.</p>
<!-- /wp:paragraph -->

<!-- wp:paragraph -->
<p>Enlace al contenido</p>
<!-- /wp:paragraph -->

<!-- wp:buttons -->
<div class="wp-block-buttons"><!-- wp:button -->
<div class="wp-block-button"><a class="wp-block-button__link" href="https://cursos.afecvigo.es/pluginfile.php/3841/mod_resource/content/1/PROCD%20Violencia_de_xe%CC%81nero._GALEGO_20210204_081502_5711.pdf" target="_blank" rel="noreferrer noopener">Pulsa aquí</a></div>
<!-- /wp:button --></div>
<!-- /wp:buttons -->					</div>
						</div>
				</div>
						</div>
					</div>
		</div>
								</div>
					</div>
		</section>
									</div>
			</div>
					</div>

<p>Actuación en caso de accidente de trabajo Deben notificarse todos los incidentes susceptibles de ser considerados accidentes de trabajo (con o sin baja), las posibles enfermedades laborales y los episodios de violencia externa, si bien su notificación no implica automaticamente el reconocimiento como tales. En caso de lesiones que requieran atención médica, el trabajador accidentado &hellip;</p>
<p class="read-more"> <a class="" href="https://www.afecvigo.es/web/?page_id=3443&#038;lang=es"> <span class="screen-reader-text">Procedimiento en situaciones especiales</span> Read More &raquo;</a></p>
