{"id":3441,"date":"2022-02-17T12:53:22","date_gmt":"2022-02-17T12:53:22","guid":{"rendered":"https:\/\/www.afecvigo.es\/web\/?page_id=3441"},"modified":"2025-04-16T12:17:53","modified_gmt":"2025-04-16T12:17:53","slug":"premio-investigacion-para-residentes-de-atencion-familiar-y-comunitaria-del-area-sanitaria-de-vigo-2","status":"publish","type":"page","link":"https:\/\/www.afecvigo.es\/web\/?page_id=3441&lang=es","title":{"rendered":"Premio Investigaci\u00f3n para residentes de Atenci\u00f3n Familiar y Comunitaria del \u00c1rea Sanitaria de Vigo"},"content":{"rendered":"\t\t<div data-elementor-type=\"wp-page\" data-elementor-id=\"3441\" class=\"elementor elementor-3441\">\n\t\t\t\t\t\t<div class=\"elementor-inner\">\n\t\t\t\t<div class=\"elementor-section-wrap\">\n\t\t\t\t\t\t\t\t\t<section class=\"elementor-section elementor-top-section elementor-element elementor-element-297d1b36 elementor-section-boxed elementor-section-height-default elementor-section-height-default\" data-id=\"297d1b36\" data-element_type=\"section\">\n\t\t\t\t\t\t<div class=\"elementor-container elementor-column-gap-default\">\n\t\t\t\t\t\t\t<div class=\"elementor-row\">\n\t\t\t\t\t<div class=\"elementor-column elementor-col-100 elementor-top-column elementor-element elementor-element-36e6814e\" data-id=\"36e6814e\" data-element_type=\"column\">\n\t\t\t<div class=\"elementor-column-wrap elementor-element-populated\">\n\t\t\t\t\t\t\t<div class=\"elementor-widget-wrap\">\n\t\t\t\t\t\t<div class=\"elementor-element elementor-element-30dcde9a elementor-widget elementor-widget-text-editor\" data-id=\"30dcde9a\" data-element_type=\"widget\" data-widget_type=\"text-editor.default\">\n\t\t\t\t<div class=\"elementor-widget-container\">\n\t\t\t\t\t\t\t\t<div class=\"elementor-text-editor elementor-clearfix\">\n\t\t\t\t<!-- wp:nextend\/smartslider3 {\"slider\":\"4\"} -->\n<div class=\"wp-block-nextend-smartslider3\"><\/div>\n<!-- \/wp:nextend\/smartslider3 --><!-- wp:paragraph -->\n<p>Os\/ as residentes presentan os seus resultados de investigaci\u00f3n durante o mes de abril, do seu \u00faltimo ano de residencia, e optan ao premio anual que a \u00c1rea Sanitaria de Vigo outorga ao mellor traballo de investigaci\u00f3n dos residentes de Atenci\u00f3n Familiar e Comunitaria, por cont\u00eda de 1000\u20ac, e para difundilo na correspondente reuni\u00f3n da European General Practice Research Network (EGPRN).<\/p>\n<!-- \/wp:paragraph --><!-- wp:heading -->\n<h2>Introduci\u00f3n<\/h2>\n<!-- \/wp:heading --><!-- wp:paragraph -->\n<p>A Xerencia da \u00c1rea Sanitaria de Vigo, no marco do Instituto de Investigaci\u00f3n Biom\u00e9dica Galicia Sur, convoca os premios \u00e1 investigaci\u00f3n para residentes de Atenci\u00f3n Familiar e Comunitaria, co fin de promover a actividade investigadora e a internacionalizaci\u00f3n dos seus profesionais dende o seu per\u00edodo de formaci\u00f3n.<\/p>\n<!-- \/wp:paragraph --><!-- wp:paragraph -->\n<p>Neste sentido, este premio pretende reco\u00f1ecer os traballos de investigaci\u00f3n da \u00c1rea Sanitaria de Vigo, levados a cabo por residentes de Atenci\u00f3n Familiar e Comunitaria de calquera dos centros da \u00c1rea de Vigo, \u00f3 longo do seu per\u00edodo formativo.<\/p>\n<!-- \/wp:paragraph --><!-- wp:heading -->\n<h2>Requisitos<\/h2>\n<!-- \/wp:heading --><!-- wp:list {\"ordered\":true} -->\n<ol>\n<li>Estar realizando a residencia en Atenci\u00f3n Familiar e Comunitaria na \u00c1rea Sanitaria de Vigo.<\/li>\n<li>O n\u00famero m\u00e1ximo de residentes por proxecto ser\u00e1 de catro.<\/li>\n<\/ol>\n<!-- \/wp:list --><!-- wp:heading -->\n<h2>Premio<\/h2>\n<!-- \/wp:heading --><!-- wp:paragraph -->\n<p>O premio financiar\u00e1 a inscrici\u00f3n, viaxe e aloxamento para presentaci\u00f3n do proxecto premiado nunha reuni\u00f3n cient\u00edfica da European General Practice Research Network.<br \/>O xurado reservarase a posibilidade de estimular a investigaci\u00f3n a trav\u00e9s da entrega de acc\u00e9sit a calquera outra investigaci\u00f3n que non te\u00f1a sido a galardoada, pero que pola s\u00faa relevancia mereza tal distinci\u00f3n.<\/p>\n<!-- \/wp:paragraph --><!-- wp:heading -->\n<h2>Presentaci\u00f3n<\/h2>\n<!-- \/wp:heading --><!-- wp:paragraph -->\n<p>\u00c9 necesario defender o proxecto finalizado no acto de presentaci\u00f3n dos traballos de investigaci\u00f3n durante a residencia, que ter\u00e1 lugar \u00faltima semana de abril. Os residentes remitir\u00e1n un resumo de 400 palabras \u00e1 UDM antes do d\u00eda 20 de abril para que poda ser lido polos membros do tribunal antes da s\u00faa defensa.<\/p>\n<!-- \/wp:paragraph --><!-- wp:heading -->\n<h2>Execuci\u00f3n<\/h2>\n<!-- \/wp:heading --><!-- wp:paragraph -->\n<p>Neste acto cualific\u00e1ranse os traballos presentados para a avaliaci\u00f3n sumativa dos residentes e outorgarase o premio ao mellor traballo. A execuci\u00f3n do pagamento levarase a cabo cando os agasallados publiquen a s\u00faa investigaci\u00f3n, para o que dispo\u00f1er\u00e1n dun prazo de 12 meses a partir da concesi\u00f3n do premio e que ter\u00e1n que xustificar adecuadamente.<\/p>\n<!-- \/wp:paragraph --><!-- wp:heading -->\n<h2>Avaliaci\u00f3n<\/h2>\n<!-- \/wp:heading --><!-- wp:paragraph -->\n<p>O xurado estar\u00e1 composto por profesionais con reco\u00f1ecida experiencia investigadora no \u00e1mbito da Atenci\u00f3n Primaria e sen conflitos de interese.<br \/>Para outorgar os premios, avaliaranse os seguintes criterios:<\/p>\n<!-- \/wp:paragraph --><!-- wp:list -->\n<ul>\n<li>Interese para a pr\u00e1ctica cl\u00ednica en Atenci\u00f3n Primaria<\/li>\n<li>Orixinalidade e potencial innovador do descubrimento cient\u00edfico<\/li>\n<li>Aplicabilidade e impacto dos resultados da investigaci\u00f3n no Servizo Galego de Sa\u00fad<\/li>\n<li>Metodolox\u00eda:\n<ul>\n<li>Obxectivos<\/li>\n<li>Dese\u00f1o<\/li>\n<li>Aspectos \u00e9tico-legales<\/li>\n<li>Resultados<\/li>\n<li>Conclusi\u00f3ns<\/li>\n<li>Multic\u00e9ntrico o cooperativo.<\/li>\n<li>Difusi\u00f3n<\/li>\n<\/ul>\n<\/li>\n<\/ul>\n<!-- \/wp:list --><!-- wp:columns -->\n<div class=\"wp-block-columns\"><!-- wp:column -->\n<div class=\"wp-block-column\"><!-- wp:image {\"id\":2364,\"width\":349,\"height\":247,\"sizeSlug\":\"full\",\"linkDestination\":\"none\",\"className\":\"is-style-default\"} -->\n<figure class=\"wp-block-image size-full is-resized is-style-default\"><img loading=\"lazy\" decoding=\"async\" class=\"wp-image-2364\" src=\"https:\/\/www.afecvigo.es\/web\/wp-content\/uploads\/2022\/01\/Invitacion-Premio-Investigacion-2018_galego.jpg\" alt=\"\" width=\"349\" height=\"247\" srcset=\"https:\/\/www.afecvigo.es\/web\/wp-content\/uploads\/2022\/01\/Invitacion-Premio-Investigacion-2018_galego.jpg 418w, https:\/\/www.afecvigo.es\/web\/wp-content\/uploads\/2022\/01\/Invitacion-Premio-Investigacion-2018_galego-300x213.jpg 300w\" sizes=\"auto, (max-width: 349px) 100vw, 349px\" \/><\/figure>\n<!-- \/wp:image --><\/div>\n<!-- \/wp:column --><!-- wp:column -->\n<div class=\"wp-block-column\"><!-- wp:image {\"id\":2367,\"width\":358,\"height\":320,\"sizeSlug\":\"large\",\"linkDestination\":\"none\",\"className\":\"is-style-default\"} -->\n<figure class=\"wp-block-image size-large is-resized is-style-default\"><img loading=\"lazy\" decoding=\"async\" class=\"wp-image-2367\" src=\"https:\/\/www.afecvigo.es\/web\/wp-content\/uploads\/2022\/01\/Imagen-12-1-1024x914.png\" alt=\"\" width=\"358\" height=\"320\" srcset=\"https:\/\/www.afecvigo.es\/web\/wp-content\/uploads\/2022\/01\/Imagen-12-1-1024x914.png 1024w, https:\/\/www.afecvigo.es\/web\/wp-content\/uploads\/2022\/01\/Imagen-12-1-300x268.png 300w, https:\/\/www.afecvigo.es\/web\/wp-content\/uploads\/2022\/01\/Imagen-12-1-768x686.png 768w, https:\/\/www.afecvigo.es\/web\/wp-content\/uploads\/2022\/01\/Imagen-12-1.png 1262w\" sizes=\"auto, (max-width: 358px) 100vw, 358px\" \/><\/figure>\n<!-- \/wp:image --><\/div>\n<!-- \/wp:column --><!-- wp:column -->\n<div class=\"wp-block-column\"><!-- wp:image {\"id\":2368,\"width\":355,\"height\":263,\"sizeSlug\":\"large\",\"linkDestination\":\"none\",\"className\":\"is-style-default\"} -->\n<figure class=\"wp-block-image size-large is-resized is-style-default\"><img loading=\"lazy\" decoding=\"async\" class=\"wp-image-2368\" src=\"https:\/\/www.afecvigo.es\/web\/wp-content\/uploads\/2022\/01\/Invitacion-IV-edicion-Premio--1024x759.png\" alt=\"\" width=\"355\" height=\"263\" srcset=\"https:\/\/www.afecvigo.es\/web\/wp-content\/uploads\/2022\/01\/Invitacion-IV-edicion-Premio--1024x759.png 1024w, https:\/\/www.afecvigo.es\/web\/wp-content\/uploads\/2022\/01\/Invitacion-IV-edicion-Premio--300x222.png 300w, https:\/\/www.afecvigo.es\/web\/wp-content\/uploads\/2022\/01\/Invitacion-IV-edicion-Premio--768x569.png 768w, https:\/\/www.afecvigo.es\/web\/wp-content\/uploads\/2022\/01\/Invitacion-IV-edicion-Premio-.png 1520w\" sizes=\"auto, (max-width: 355px) 100vw, 355px\" \/><\/figure>\n<!-- \/wp:image --><\/div>\n<!-- \/wp:column --><!-- wp:column -->\n<div class=\"wp-block-column\"><!-- wp:image {\"id\":2369,\"width\":351,\"height\":314,\"sizeSlug\":\"large\",\"linkDestination\":\"none\",\"className\":\"is-style-default\"} -->\n<figure class=\"wp-block-image size-large is-resized is-style-default\"><img loading=\"lazy\" decoding=\"async\" class=\"wp-image-2369\" src=\"https:\/\/www.afecvigo.es\/web\/wp-content\/uploads\/2022\/01\/Invitacion_5-1024x914.png\" alt=\"\" width=\"351\" height=\"314\" srcset=\"https:\/\/www.afecvigo.es\/web\/wp-content\/uploads\/2022\/01\/Invitacion_5-1024x914.png 1024w, https:\/\/www.afecvigo.es\/web\/wp-content\/uploads\/2022\/01\/Invitacion_5-300x268.png 300w, https:\/\/www.afecvigo.es\/web\/wp-content\/uploads\/2022\/01\/Invitacion_5-768x685.png 768w, https:\/\/www.afecvigo.es\/web\/wp-content\/uploads\/2022\/01\/Invitacion_5.png 1336w\" sizes=\"auto, (max-width: 351px) 100vw, 351px\" \/><\/figure>\n<!-- \/wp:image --><\/div>\n<!-- \/wp:column --><\/div>\n<!-- \/wp:columns --><!-- wp:image {\"id\":4302,\"sizeSlug\":\"medium\",\"linkDestination\":\"none\"} -->\n<figure class=\"wp-block-image size-medium\"><img loading=\"lazy\" decoding=\"async\" width=\"300\" height=\"166\" class=\"wp-image-4302\" src=\"https:\/\/www.afecvigo.es\/web\/wp-content\/uploads\/2022\/10\/Imagen5-300x166.png\" alt=\"\" srcset=\"https:\/\/www.afecvigo.es\/web\/wp-content\/uploads\/2022\/10\/Imagen5-300x166.png 300w, https:\/\/www.afecvigo.es\/web\/wp-content\/uploads\/2022\/10\/Imagen5-1024x568.png 1024w, https:\/\/www.afecvigo.es\/web\/wp-content\/uploads\/2022\/10\/Imagen5-768x426.png 768w, https:\/\/www.afecvigo.es\/web\/wp-content\/uploads\/2022\/10\/Imagen5-1536x852.png 1536w, https:\/\/www.afecvigo.es\/web\/wp-content\/uploads\/2022\/10\/Imagen5-2048x1136.png 2048w\" sizes=\"auto, (max-width: 300px) 100vw, 300px\" \/><\/figure>\n<!-- \/wp:image -->\t\t\t\t\t<\/div>\n\t\t\t\t\t\t<\/div>\n\t\t\t\t<\/div>\n\t\t\t\t\t\t<\/div>\n\t\t\t\t\t<\/div>\n\t\t<\/div>\n\t\t\t\t\t\t\t\t<\/div>\n\t\t\t\t\t<\/div>\n\t\t<\/section>\n\t\t\t\t\t\t\t\t\t<\/div>\n\t\t\t<\/div>\n\t\t\t\t\t<\/div>\n\t\t","protected":false},"excerpt":{"rendered":"<p>Os\/ as residentes presentan os seus resultados de investigaci\u00f3n durante o mes de abril, do seu \u00faltimo ano de residencia, e optan ao premio anual que a \u00c1rea Sanitaria de Vigo outorga ao mellor traballo de investigaci\u00f3n dos residentes de Atenci\u00f3n Familiar e Comunitaria, por cont\u00eda de 1000\u20ac, e para difundilo na correspondente reuni\u00f3n da &hellip;<\/p>\n<p class=\"read-more\"> <a class=\"\" href=\"https:\/\/www.afecvigo.es\/web\/?page_id=3441&#038;lang=es\"> <span class=\"screen-reader-text\">Premio Investigaci\u00f3n para residentes de Atenci\u00f3n Familiar y Comunitaria del \u00c1rea Sanitaria de Vigo<\/span> Read More &raquo;<\/a><\/p>\n","protected":false},"author":1,"featured_media":3204,"parent":0,"menu_order":0,"comment_status":"closed","ping_status":"closed","template":"elementor_header_footer","meta":{"footnotes":""},"class_list":["post-3441","page","type-page","status-publish","has-post-thumbnail","hentry"],"_links":{"self":[{"href":"https:\/\/www.afecvigo.es\/web\/index.php?rest_route=\/wp\/v2\/pages\/3441","targetHints":{"allow":["GET"]}}],"collection":[{"href":"https:\/\/www.afecvigo.es\/web\/index.php?rest_route=\/wp\/v2\/pages"}],"about":[{"href":"https:\/\/www.afecvigo.es\/web\/index.php?rest_route=\/wp\/v2\/types\/page"}],"author":[{"embeddable":true,"href":"https:\/\/www.afecvigo.es\/web\/index.php?rest_route=\/wp\/v2\/users\/1"}],"replies":[{"embeddable":true,"href":"https:\/\/www.afecvigo.es\/web\/index.php?rest_route=%2Fwp%2Fv2%2Fcomments&post=3441"}],"version-history":[{"count":8,"href":"https:\/\/www.afecvigo.es\/web\/index.php?rest_route=\/wp\/v2\/pages\/3441\/revisions"}],"predecessor-version":[{"id":7554,"href":"https:\/\/www.afecvigo.es\/web\/index.php?rest_route=\/wp\/v2\/pages\/3441\/revisions\/7554"}],"wp:featuredmedia":[{"embeddable":true,"href":"https:\/\/www.afecvigo.es\/web\/index.php?rest_route=\/wp\/v2\/media\/3204"}],"wp:attachment":[{"href":"https:\/\/www.afecvigo.es\/web\/index.php?rest_route=%2Fwp%2Fv2%2Fmedia&parent=3441"}],"curies":[{"name":"wp","href":"https:\/\/api.w.org\/{rel}","templated":true}]}}

Premio Investigación para residentes de Atención Familiar y Comunitaria del Área Sanitaria de Vigo

<div data-elementor-type="wp-page" data-elementor-id="3441" class="elementor elementor-3441">
						<div class="elementor-inner">
				<div class="elementor-section-wrap">
									<section class="elementor-section elementor-top-section elementor-element elementor-element-297d1b36 elementor-section-boxed elementor-section-height-default elementor-section-height-default" data-id="297d1b36" data-element_type="section">
						<div class="elementor-container elementor-column-gap-default">
							<div class="elementor-row">
					<div class="elementor-column elementor-col-100 elementor-top-column elementor-element elementor-element-36e6814e" data-id="36e6814e" data-element_type="column">
			<div class="elementor-column-wrap elementor-element-populated">
							<div class="elementor-widget-wrap">
						<div class="elementor-element elementor-element-30dcde9a elementor-widget elementor-widget-text-editor" data-id="30dcde9a" data-element_type="widget" data-widget_type="text-editor.default">
				<div class="elementor-widget-container">
								<div class="elementor-text-editor elementor-clearfix">
				<!-- wp:nextend/smartslider3 {"slider":"4"} -->
<div class="wp-block-nextend-smartslider3"></div>
<!-- /wp:nextend/smartslider3 --><!-- wp:paragraph -->
<p>Os/ as residentes presentan os seus resultados de investigación durante o mes de abril, do seu último ano de residencia, e optan ao premio anual que a Área Sanitaria de Vigo outorga ao mellor traballo de investigación dos residentes de Atención Familiar e Comunitaria, por contía de 1000€, e para difundilo na correspondente reunión da European General Practice Research Network (EGPRN).</p>
<!-- /wp:paragraph --><!-- wp:heading -->
<h2>Introdución</h2>
<!-- /wp:heading --><!-- wp:paragraph -->
<p>A Xerencia da Área Sanitaria de Vigo, no marco do Instituto de Investigación Biomédica Galicia Sur, convoca os premios á investigación para residentes de Atención Familiar e Comunitaria, co fin de promover a actividade investigadora e a internacionalización dos seus profesionais dende o seu período de formación.</p>
<!-- /wp:paragraph --><!-- wp:paragraph -->
<p>Neste sentido, este premio pretende recoñecer os traballos de investigación da Área Sanitaria de Vigo, levados a cabo por residentes de Atención Familiar e Comunitaria de calquera dos centros da Área de Vigo, ó longo do seu período formativo.</p>
<!-- /wp:paragraph --><!-- wp:heading -->
<h2>Requisitos</h2>
<!-- /wp:heading --><!-- wp:list {"ordered":true} -->
<ol>
<li>Estar realizando a residencia en Atención Familiar e Comunitaria na Área Sanitaria de Vigo.</li>
<li>O número máximo de residentes por proxecto será de catro.</li>
</ol>
<!-- /wp:list --><!-- wp:heading -->
<h2>Premio</h2>
<!-- /wp:heading --><!-- wp:paragraph -->
<p>O premio financiará a inscrición, viaxe e aloxamento para presentación do proxecto premiado nunha reunión científica da European General Practice Research Network.<br />O xurado reservarase a posibilidade de estimular a investigación a través da entrega de accésit a calquera outra investigación que non teña sido a galardoada, pero que pola súa relevancia mereza tal distinción.</p>
<!-- /wp:paragraph --><!-- wp:heading -->
<h2>Presentación</h2>
<!-- /wp:heading --><!-- wp:paragraph -->
<p>É necesario defender o proxecto finalizado no acto de presentación dos traballos de investigación durante a residencia, que terá lugar última semana de abril. Os residentes remitirán un resumo de 400 palabras á UDM antes do día 20 de abril para que poda ser lido polos membros do tribunal antes da súa defensa.</p>
<!-- /wp:paragraph --><!-- wp:heading -->
<h2>Execución</h2>
<!-- /wp:heading --><!-- wp:paragraph -->
<p>Neste acto cualificáranse os traballos presentados para a avaliación sumativa dos residentes e outorgarase o premio ao mellor traballo. A execución do pagamento levarase a cabo cando os agasallados publiquen a súa investigación, para o que dispoñerán dun prazo de 12 meses a partir da concesión do premio e que terán que xustificar adecuadamente.</p>
<!-- /wp:paragraph --><!-- wp:heading -->
<h2>Avaliación</h2>
<!-- /wp:heading --><!-- wp:paragraph -->
<p>O xurado estará composto por profesionais con recoñecida experiencia investigadora no ámbito da Atención Primaria e sen conflitos de interese.<br />Para outorgar os premios, avaliaranse os seguintes criterios:</p>
<!-- /wp:paragraph --><!-- wp:list -->
<ul>
<li>Interese para a práctica clínica en Atención Primaria</li>
<li>Orixinalidade e potencial innovador do descubrimento científico</li>
<li>Aplicabilidade e impacto dos resultados da investigación no Servizo Galego de Saúd</li>
<li>Metodoloxía:
<ul>
<li>Obxectivos</li>
<li>Deseño</li>
<li>Aspectos ético-legales</li>
<li>Resultados</li>
<li>Conclusións</li>
<li>Multicéntrico o cooperativo.</li>
<li>Difusión</li>
</ul>
</li>
</ul>
<!-- /wp:list --><!-- wp:columns -->
<div class="wp-block-columns"><!-- wp:column -->
<div class="wp-block-column"><!-- wp:image {"id":2364,"width":349,"height":247,"sizeSlug":"full","linkDestination":"none","className":"is-style-default"} -->
<figure class="wp-block-image size-full is-resized is-style-default"><img loading="lazy" decoding="async" class="wp-image-2364" src="https://www.afecvigo.es/web/wp-content/uploads/2022/01/Invitacion-Premio-Investigacion-2018_galego.jpg" alt="" width="349" height="247" srcset="https://www.afecvigo.es/web/wp-content/uploads/2022/01/Invitacion-Premio-Investigacion-2018_galego.jpg 418w, https://www.afecvigo.es/web/wp-content/uploads/2022/01/Invitacion-Premio-Investigacion-2018_galego-300x213.jpg 300w" sizes="auto, (max-width: 349px) 100vw, 349px" /></figure>
<!-- /wp:image --></div>
<!-- /wp:column --><!-- wp:column -->
<div class="wp-block-column"><!-- wp:image {"id":2367,"width":358,"height":320,"sizeSlug":"large","linkDestination":"none","className":"is-style-default"} -->
<figure class="wp-block-image size-large is-resized is-style-default"><img loading="lazy" decoding="async" class="wp-image-2367" src="https://www.afecvigo.es/web/wp-content/uploads/2022/01/Imagen-12-1-1024x914.png" alt="" width="358" height="320" srcset="https://www.afecvigo.es/web/wp-content/uploads/2022/01/Imagen-12-1-1024x914.png 1024w, https://www.afecvigo.es/web/wp-content/uploads/2022/01/Imagen-12-1-300x268.png 300w, https://www.afecvigo.es/web/wp-content/uploads/2022/01/Imagen-12-1-768x686.png 768w, https://www.afecvigo.es/web/wp-content/uploads/2022/01/Imagen-12-1.png 1262w" sizes="auto, (max-width: 358px) 100vw, 358px" /></figure>
<!-- /wp:image --></div>
<!-- /wp:column --><!-- wp:column -->
<div class="wp-block-column"><!-- wp:image {"id":2368,"width":355,"height":263,"sizeSlug":"large","linkDestination":"none","className":"is-style-default"} -->
<figure class="wp-block-image size-large is-resized is-style-default"><img loading="lazy" decoding="async" class="wp-image-2368" src="https://www.afecvigo.es/web/wp-content/uploads/2022/01/Invitacion-IV-edicion-Premio--1024x759.png" alt="" width="355" height="263" srcset="https://www.afecvigo.es/web/wp-content/uploads/2022/01/Invitacion-IV-edicion-Premio--1024x759.png 1024w, https://www.afecvigo.es/web/wp-content/uploads/2022/01/Invitacion-IV-edicion-Premio--300x222.png 300w, https://www.afecvigo.es/web/wp-content/uploads/2022/01/Invitacion-IV-edicion-Premio--768x569.png 768w, https://www.afecvigo.es/web/wp-content/uploads/2022/01/Invitacion-IV-edicion-Premio-.png 1520w" sizes="auto, (max-width: 355px) 100vw, 355px" /></figure>
<!-- /wp:image --></div>
<!-- /wp:column --><!-- wp:column -->
<div class="wp-block-column"><!-- wp:image {"id":2369,"width":351,"height":314,"sizeSlug":"large","linkDestination":"none","className":"is-style-default"} -->
<figure class="wp-block-image size-large is-resized is-style-default"><img loading="lazy" decoding="async" class="wp-image-2369" src="https://www.afecvigo.es/web/wp-content/uploads/2022/01/Invitacion_5-1024x914.png" alt="" width="351" height="314" srcset="https://www.afecvigo.es/web/wp-content/uploads/2022/01/Invitacion_5-1024x914.png 1024w, https://www.afecvigo.es/web/wp-content/uploads/2022/01/Invitacion_5-300x268.png 300w, https://www.afecvigo.es/web/wp-content/uploads/2022/01/Invitacion_5-768x685.png 768w, https://www.afecvigo.es/web/wp-content/uploads/2022/01/Invitacion_5.png 1336w" sizes="auto, (max-width: 351px) 100vw, 351px" /></figure>
<!-- /wp:image --></div>
<!-- /wp:column --></div>
<!-- /wp:columns --><!-- wp:image {"id":4302,"sizeSlug":"medium","linkDestination":"none"} -->
<figure class="wp-block-image size-medium"><img loading="lazy" decoding="async" width="300" height="166" class="wp-image-4302" src="https://www.afecvigo.es/web/wp-content/uploads/2022/10/Imagen5-300x166.png" alt="" srcset="https://www.afecvigo.es/web/wp-content/uploads/2022/10/Imagen5-300x166.png 300w, https://www.afecvigo.es/web/wp-content/uploads/2022/10/Imagen5-1024x568.png 1024w, https://www.afecvigo.es/web/wp-content/uploads/2022/10/Imagen5-768x426.png 768w, https://www.afecvigo.es/web/wp-content/uploads/2022/10/Imagen5-1536x852.png 1536w, https://www.afecvigo.es/web/wp-content/uploads/2022/10/Imagen5-2048x1136.png 2048w" sizes="auto, (max-width: 300px) 100vw, 300px" /></figure>
<!-- /wp:image -->					</div>
						</div>
				</div>
						</div>
					</div>
		</div>
								</div>
					</div>
		</section>
									</div>
			</div>
					</div>

<p>Os/ as residentes presentan os seus resultados de investigación durante o mes de abril, do seu último ano de residencia, e optan ao premio anual que a Área Sanitaria de Vigo outorga ao mellor traballo de investigación dos residentes de Atención Familiar e Comunitaria, por contía de 1000€, e para difundilo na correspondente reunión da &hellip;</p>
<p class="read-more"> <a class="" href="https://www.afecvigo.es/web/?page_id=3441&#038;lang=es"> <span class="screen-reader-text">Premio Investigación para residentes de Atención Familiar y Comunitaria del Área Sanitaria de Vigo</span> Read More &raquo;</a></p>
