{"id":3426,"date":"2022-02-17T12:51:05","date_gmt":"2022-02-17T12:51:05","guid":{"rendered":"https:\/\/www.afecvigo.es\/web\/?page_id=3426"},"modified":"2025-04-16T12:06:08","modified_gmt":"2025-04-16T12:06:08","slug":"localizacion","status":"publish","type":"page","link":"https:\/\/www.afecvigo.es\/web\/?page_id=3426&lang=es","title":{"rendered":"Localizaci\u00f3n"},"content":{"rendered":"\t\t<div data-elementor-type=\"wp-page\" data-elementor-id=\"3426\" class=\"elementor elementor-3426\">\n\t\t\t\t\t\t<div class=\"elementor-inner\">\n\t\t\t\t<div class=\"elementor-section-wrap\">\n\t\t\t\t\t\t\t\t\t<section class=\"elementor-section elementor-top-section elementor-element elementor-element-5bf282bf elementor-section-boxed elementor-section-height-default elementor-section-height-default\" data-id=\"5bf282bf\" data-element_type=\"section\">\n\t\t\t\t\t\t<div class=\"elementor-container elementor-column-gap-default\">\n\t\t\t\t\t\t\t<div class=\"elementor-row\">\n\t\t\t\t\t<div class=\"elementor-column elementor-col-100 elementor-top-column elementor-element elementor-element-61d58e60\" data-id=\"61d58e60\" data-element_type=\"column\">\n\t\t\t<div class=\"elementor-column-wrap elementor-element-populated\">\n\t\t\t\t\t\t\t<div class=\"elementor-widget-wrap\">\n\t\t\t\t\t\t<div class=\"elementor-element elementor-element-60f623ad elementor-widget elementor-widget-text-editor\" data-id=\"60f623ad\" data-element_type=\"widget\" data-widget_type=\"text-editor.default\">\n\t\t\t\t<div class=\"elementor-widget-container\">\n\t\t\t\t\t\t\t\t<div class=\"elementor-text-editor elementor-clearfix\">\n\t\t\t\t<p>\u00a0<\/p>\n<p><!-- \/wp:shortcode --><!-- wp:columns --><\/p>\n<div class=\"wp-block-columns\">\n<p><!-- wp:column --><\/p>\n<div class=\"wp-block-column\">\n<p><!-- wp:paragraph --><\/p>\n<p><strong>Localizaci\u00f3n<\/strong>: <span style=\"font-size: 1rem;\">R\u00faa Rosal\u00eda de Castro 21-23, 7\u00aa planta, 36201<\/span><\/p>\n<p><!-- \/wp:paragraph --><!-- wp:paragraph --><\/p>\n<p><span style=\"font-size: 1rem;\"><strong>Web SERGAS: <\/strong><\/span><a style=\"font-size: 1rem;\" href=\"https:\/\/xxivigo.sergas.gal\/Paxinas\/web.aspx?tipo=paxtab&amp;idLista=9&amp;idContido=42&amp;migtab=1%3b15%3b42&amp;idTax=8502\">https:\/\/xxivigo.sergas.gal\/Paxinas\/web.aspx?tipo=paxtab&amp;idLista=9&amp;idContido=42&amp;migtab=1%3b15%3b42&amp;idTax=8502<\/a><\/p>\n<p><!-- \/wp:paragraph --><!-- wp:paragraph --><\/p>\n<p><span style=\"font-size: 1rem;\"><strong>Tel\u00e9fono: <\/strong>986816491 y 986816445<\/span><\/p>\n<p><!-- \/wp:paragraph --><!-- wp:paragraph --><\/p>\n<p><span style=\"font-size: 1rem;\"><strong>E-mail:<\/strong> Secretaria.UDM.de.AF.y.C.de.Vigo@sergas.es<\/span><\/p>\n<p><!-- \/wp:paragraph --><\/p>\n<\/div>\n<p><!-- \/wp:column --><!-- wp:column --><\/p>\n<div class=\"wp-block-column\"><!-- wp:shortcode --> <div class=\"su-gmap su-u-responsive-media-yes\"><iframe loading=\"lazy\" width=\"100\" height=\"100\" src=\"\/\/maps.google.com\/maps?q=R%C3%BAa%20Rosal%C3%ADa%20de%20Castro%2C%2021-23%2C%2036201%2C%20Vigo%2C%20Pontevedra&amp;output=embed&amp;z=15\" title=\"\"><\/iframe><\/div> <!-- \/wp:shortcode --><\/div>\n<p><!-- \/wp:column --><\/p>\n<\/div>\n<p><!-- \/wp:columns --><!-- wp:heading {\"level\":1} --><\/p>\n<h1 class=\"wp-block-heading\">Estructura<\/h1>\n<p><!-- \/wp:heading --><!-- wp:heading --><\/p>\n<h2 class=\"wp-block-heading\">Centros acreditados para la formaci\u00f3n sanitaria especializada en la UDM de AFeC de Vigo<\/h2>\n<p><!-- \/wp:heading --><!-- wp:paragraph --><\/p>\n<p>La UDM tiene acreditados m\u00faltiples dispositivos al servicio de la docencia en las especialidades de Enfermer\u00eda y Medicina Familiar y Comunitarias. Todas elas, aunque no pertenezcan a la misma entidad titular, forman parte de la Unidad Docente y por tanto disponibles para la formaci\u00f3n de los residentes de dicha especialidad<\/p>\n<p><!-- \/wp:paragraph --><!-- wp:image {\"id\":915,\"width\":\"768px\",\"height\":\"549px\",\"sizeSlug\":\"large\",\"linkDestination\":\"none\",\"align\":\"center\"} --><\/p>\n<figure class=\"wp-block-image aligncenter size-large is-resized\"><img loading=\"lazy\" decoding=\"async\" width=\"1024\" height=\"732\" class=\"wp-image-915\" style=\"width: 768px; height: 549px;\" src=\"https:\/\/www.afecvigo.es\/web\/wp-content\/uploads\/2020\/12\/centros-de-saude-1024x732.png\" alt=\"\" srcset=\"https:\/\/www.afecvigo.es\/web\/wp-content\/uploads\/2020\/12\/centros-de-saude-1024x732.png 1024w, https:\/\/www.afecvigo.es\/web\/wp-content\/uploads\/2020\/12\/centros-de-saude-300x214.png 300w, https:\/\/www.afecvigo.es\/web\/wp-content\/uploads\/2020\/12\/centros-de-saude-768x549.png 768w, https:\/\/www.afecvigo.es\/web\/wp-content\/uploads\/2020\/12\/centros-de-saude.png 1258w\" sizes=\"auto, (max-width: 1024px) 100vw, 1024px\" \/><\/figure>\n<p><!-- \/wp:image --><!-- wp:heading --><\/p>\n<h2 class=\"wp-block-heading\">Aulas<\/h2>\n<p><!-- \/wp:heading --><!-- wp:list --><\/p>\n<ul class=\"wp-block-list\">\n<li style=\"list-style-type: none;\">\n<ul class=\"wp-block-list\"><!-- wp:list-item --><\/ul>\n<\/li>\n<\/ul>\n<p>\u00a0<\/p>\n<ul class=\"wp-block-list\">\n<li style=\"list-style-type: none;\">\n<ul class=\"wp-block-list\">\n<li>2 en R\u00faa Rosal\u00eda de Castro 21-23, 7\u00aa y 9\u00aa plantas<\/li>\n<\/ul>\n<\/li>\n<\/ul>\n<p><!-- \/wp:list-item --><!-- wp:list-item --><\/p>\n<ul class=\"wp-block-list\">\n<li style=\"list-style-type: none;\">\n<ul class=\"wp-block-list\">\n<li>2 en C.S. Bembrive<\/li>\n<\/ul>\n<\/li>\n<\/ul>\n<p><!-- \/wp:list-item --><\/p>\n<p><!-- \/wp:list --><!-- wp:heading --><\/p>\n<h2 class=\"wp-block-heading\">Bibliotecas<\/h2>\n<p><!-- \/wp:heading --><!-- wp:paragraph --><\/p>\n<p>Hospital \u00c1lvaro Cunqueiro y Hospital Meixoeiro<\/p>\n<p><!-- \/wp:paragraph --><!-- wp:heading --><\/p>\n<h2 class=\"wp-block-heading\"><a style=\"color: #686868; font-size: 35px; font-weight: 300; line-height: 1.5em; letter-spacing: 2.5px;\" href=\"https:\/\/bibliosaude.sergas.gal\/Paxinas\/web.aspx?idioma=es\" data-id=\"https:\/\/bibliosaude.sergas.gal\/Paxinas\/web.aspx?idioma=es\">Bibliosa\u00fade<\/a><\/h2>\n<p><!-- \/wp:heading --><!-- wp:paragraph --><\/p>\n<p>La\u00a0<strong><a href=\"https:\/\/bibliosaude.sergas.gal\/Paxinas\/web.aspx?idioma=es\">Biblioteca Virtual del Sistema P\u00fablico de Salud de Galicia<\/a><\/strong>\u00a0est\u00e1 constitu\u00edda por la red de bibliotecas de los centros sanitarios y servicios centrales, que trabajan en el desarrollo de una\u00a0biblioteca digital\u00a0para los profesionales y usuarios de los servicios p\u00fablicos de salud.<\/p>\n<p>Su objetivo es poner a disposici\u00f3n de los usuarios informaci\u00f3n relevante para la toma de decisiones en la pr\u00e1ctica cl\u00ednica, en la gesti\u00f3n, la docencia y la investigaci\u00f3n, y fomentar su actualizaci\u00f3n.<\/p>\n<p>Bibliosa\u00fade re\u00fane en un \u00fanico sitio diferentes fuentes de informaci\u00f3n evaluadas, garantizando la calidad y actualizaci\u00f3n de sus contenidos, y respetando la legislaci\u00f3n de propiedad intelectual.<\/p>\n<p><!-- \/wp:paragraph --><\/p>\t\t\t\t\t<\/div>\n\t\t\t\t\t\t<\/div>\n\t\t\t\t<\/div>\n\t\t\t\t\t\t<\/div>\n\t\t\t\t\t<\/div>\n\t\t<\/div>\n\t\t\t\t\t\t\t\t<\/div>\n\t\t\t\t\t<\/div>\n\t\t<\/section>\n\t\t\t\t\t\t\t\t\t<\/div>\n\t\t\t<\/div>\n\t\t\t\t\t<\/div>\n\t\t","protected":false},"excerpt":{"rendered":"<p>\u00a0 Localizaci\u00f3n: R\u00faa Rosal\u00eda de Castro 21-23, 7\u00aa planta, 36201 Web SERGAS: https:\/\/xxivigo.sergas.gal\/Paxinas\/web.aspx?tipo=paxtab&amp;idLista=9&amp;idContido=42&amp;migtab=1%3b15%3b42&amp;idTax=8502 Tel\u00e9fono: 986816491 y 986816445 E-mail: Secretaria.UDM.de.AF.y.C.de.Vigo@sergas.es Estructura Centros acreditados para la formaci\u00f3n sanitaria especializada en la UDM de AFeC de Vigo La UDM tiene acreditados m\u00faltiples dispositivos al servicio de la docencia en las especialidades de Enfermer\u00eda y Medicina Familiar y Comunitarias. &hellip;<\/p>\n<p class=\"read-more\"> <a class=\"\" href=\"https:\/\/www.afecvigo.es\/web\/?page_id=3426&#038;lang=es\"> <span class=\"screen-reader-text\">Localizaci\u00f3n<\/span> Read More &raquo;<\/a><\/p>\n","protected":false},"author":1,"featured_media":2235,"parent":0,"menu_order":0,"comment_status":"closed","ping_status":"closed","template":"elementor_header_footer","meta":{"footnotes":""},"class_list":["post-3426","page","type-page","status-publish","has-post-thumbnail","hentry"],"_links":{"self":[{"href":"https:\/\/www.afecvigo.es\/web\/index.php?rest_route=\/wp\/v2\/pages\/3426","targetHints":{"allow":["GET"]}}],"collection":[{"href":"https:\/\/www.afecvigo.es\/web\/index.php?rest_route=\/wp\/v2\/pages"}],"about":[{"href":"https:\/\/www.afecvigo.es\/web\/index.php?rest_route=\/wp\/v2\/types\/page"}],"author":[{"embeddable":true,"href":"https:\/\/www.afecvigo.es\/web\/index.php?rest_route=\/wp\/v2\/users\/1"}],"replies":[{"embeddable":true,"href":"https:\/\/www.afecvigo.es\/web\/index.php?rest_route=%2Fwp%2Fv2%2Fcomments&post=3426"}],"version-history":[{"count":15,"href":"https:\/\/www.afecvigo.es\/web\/index.php?rest_route=\/wp\/v2\/pages\/3426\/revisions"}],"predecessor-version":[{"id":7494,"href":"https:\/\/www.afecvigo.es\/web\/index.php?rest_route=\/wp\/v2\/pages\/3426\/revisions\/7494"}],"wp:featuredmedia":[{"embeddable":true,"href":"https:\/\/www.afecvigo.es\/web\/index.php?rest_route=\/wp\/v2\/media\/2235"}],"wp:attachment":[{"href":"https:\/\/www.afecvigo.es\/web\/index.php?rest_route=%2Fwp%2Fv2%2Fmedia&parent=3426"}],"curies":[{"name":"wp","href":"https:\/\/api.w.org\/{rel}","templated":true}]}}

Localización

<div data-elementor-type="wp-page" data-elementor-id="3426" class="elementor elementor-3426">
						<div class="elementor-inner">
				<div class="elementor-section-wrap">
									<section class="elementor-section elementor-top-section elementor-element elementor-element-5bf282bf elementor-section-boxed elementor-section-height-default elementor-section-height-default" data-id="5bf282bf" data-element_type="section">
						<div class="elementor-container elementor-column-gap-default">
							<div class="elementor-row">
					<div class="elementor-column elementor-col-100 elementor-top-column elementor-element elementor-element-61d58e60" data-id="61d58e60" data-element_type="column">
			<div class="elementor-column-wrap elementor-element-populated">
							<div class="elementor-widget-wrap">
						<div class="elementor-element elementor-element-60f623ad elementor-widget elementor-widget-text-editor" data-id="60f623ad" data-element_type="widget" data-widget_type="text-editor.default">
				<div class="elementor-widget-container">
								<div class="elementor-text-editor elementor-clearfix">
				<p> </p>
<p><!-- /wp:shortcode --><!-- wp:columns --></p>
<div class="wp-block-columns">
<p><!-- wp:column --></p>
<div class="wp-block-column">
<p><!-- wp:paragraph --></p>
<p><strong>Localización</strong>: <span style="font-size: 1rem;">Rúa Rosalía de Castro 21-23, 7ª planta, 36201</span></p>
<p><!-- /wp:paragraph --><!-- wp:paragraph --></p>
<p><span style="font-size: 1rem;"><strong>Web SERGAS: </strong></span><a style="font-size: 1rem;" href="https://xxivigo.sergas.gal/Paxinas/web.aspx?tipo=paxtab&amp;idLista=9&amp;idContido=42&amp;migtab=1%3b15%3b42&amp;idTax=8502">https://xxivigo.sergas.gal/Paxinas/web.aspx?tipo=paxtab&amp;idLista=9&amp;idContido=42&amp;migtab=1%3b15%3b42&amp;idTax=8502</a></p>
<p><!-- /wp:paragraph --><!-- wp:paragraph --></p>
<p><span style="font-size: 1rem;"><strong>Teléfono: </strong>986816491 y 986816445</span></p>
<p><!-- /wp:paragraph --><!-- wp:paragraph --></p>
<p><span style="font-size: 1rem;"><strong>E-mail:</strong> Secretaria.UDM.de.AF.y.C.de.Vigo@sergas.es</span></p>
<p><!-- /wp:paragraph --></p>
</div>
<p><!-- /wp:column --><!-- wp:column --></p>
<div class="wp-block-column"><!-- wp:shortcode --> <div class="su-gmap su-u-responsive-media-yes"><iframe loading="lazy" width="100" height="100" src="//maps.google.com/maps?q=R%C3%BAa%20Rosal%C3%ADa%20de%20Castro%2C%2021-23%2C%2036201%2C%20Vigo%2C%20Pontevedra&amp;output=embed&amp;z=15" title=""></iframe></div> <!-- /wp:shortcode --></div>
<p><!-- /wp:column --></p>
</div>
<p><!-- /wp:columns --><!-- wp:heading {"level":1} --></p>
<h1 class="wp-block-heading">Estructura</h1>
<p><!-- /wp:heading --><!-- wp:heading --></p>
<h2 class="wp-block-heading">Centros acreditados para la formación sanitaria especializada en la UDM de AFeC de Vigo</h2>
<p><!-- /wp:heading --><!-- wp:paragraph --></p>
<p>La UDM tiene acreditados múltiples dispositivos al servicio de la docencia en las especialidades de Enfermería y Medicina Familiar y Comunitarias. Todas elas, aunque no pertenezcan a la misma entidad titular, forman parte de la Unidad Docente y por tanto disponibles para la formación de los residentes de dicha especialidad</p>
<p><!-- /wp:paragraph --><!-- wp:image {"id":915,"width":"768px","height":"549px","sizeSlug":"large","linkDestination":"none","align":"center"} --></p>
<figure class="wp-block-image aligncenter size-large is-resized"><img loading="lazy" decoding="async" width="1024" height="732" class="wp-image-915" style="width: 768px; height: 549px;" src="https://www.afecvigo.es/web/wp-content/uploads/2020/12/centros-de-saude-1024x732.png" alt="" srcset="https://www.afecvigo.es/web/wp-content/uploads/2020/12/centros-de-saude-1024x732.png 1024w, https://www.afecvigo.es/web/wp-content/uploads/2020/12/centros-de-saude-300x214.png 300w, https://www.afecvigo.es/web/wp-content/uploads/2020/12/centros-de-saude-768x549.png 768w, https://www.afecvigo.es/web/wp-content/uploads/2020/12/centros-de-saude.png 1258w" sizes="auto, (max-width: 1024px) 100vw, 1024px" /></figure>
<p><!-- /wp:image --><!-- wp:heading --></p>
<h2 class="wp-block-heading">Aulas</h2>
<p><!-- /wp:heading --><!-- wp:list --></p>
<ul class="wp-block-list">
<li style="list-style-type: none;">
<ul class="wp-block-list"><!-- wp:list-item --></ul>
</li>
</ul>
<p> </p>
<ul class="wp-block-list">
<li style="list-style-type: none;">
<ul class="wp-block-list">
<li>2 en Rúa Rosalía de Castro 21-23, 7ª y 9ª plantas</li>
</ul>
</li>
</ul>
<p><!-- /wp:list-item --><!-- wp:list-item --></p>
<ul class="wp-block-list">
<li style="list-style-type: none;">
<ul class="wp-block-list">
<li>2 en C.S. Bembrive</li>
</ul>
</li>
</ul>
<p><!-- /wp:list-item --></p>
<p><!-- /wp:list --><!-- wp:heading --></p>
<h2 class="wp-block-heading">Bibliotecas</h2>
<p><!-- /wp:heading --><!-- wp:paragraph --></p>
<p>Hospital Álvaro Cunqueiro y Hospital Meixoeiro</p>
<p><!-- /wp:paragraph --><!-- wp:heading --></p>
<h2 class="wp-block-heading"><a style="color: #686868; font-size: 35px; font-weight: 300; line-height: 1.5em; letter-spacing: 2.5px;" href="https://bibliosaude.sergas.gal/Paxinas/web.aspx?idioma=es" data-id="https://bibliosaude.sergas.gal/Paxinas/web.aspx?idioma=es">Bibliosaúde</a></h2>
<p><!-- /wp:heading --><!-- wp:paragraph --></p>
<p>La <strong><a href="https://bibliosaude.sergas.gal/Paxinas/web.aspx?idioma=es">Biblioteca Virtual del Sistema Público de Salud de Galicia</a></strong> está constituída por la red de bibliotecas de los centros sanitarios y servicios centrales, que trabajan en el desarrollo de una biblioteca digital para los profesionales y usuarios de los servicios públicos de salud.</p>
<p>Su objetivo es poner a disposición de los usuarios información relevante para la toma de decisiones en la práctica clínica, en la gestión, la docencia y la investigación, y fomentar su actualización.</p>
<p>Bibliosaúde reúne en un único sitio diferentes fuentes de información evaluadas, garantizando la calidad y actualización de sus contenidos, y respetando la legislación de propiedad intelectual.</p>
<p><!-- /wp:paragraph --></p>					</div>
						</div>
				</div>
						</div>
					</div>
		</div>
								</div>
					</div>
		</section>
									</div>
			</div>
					</div>

<p>  Localización: Rúa Rosalía de Castro 21-23, 7ª planta, 36201 Web SERGAS: https://xxivigo.sergas.gal/Paxinas/web.aspx?tipo=paxtab&amp;idLista=9&amp;idContido=42&amp;migtab=1%3b15%3b42&amp;idTax=8502 Teléfono: 986816491 y 986816445 E-mail: Secretaria.UDM.de.AF.y.C.de.Vigo@sergas.es Estructura Centros acreditados para la formación sanitaria especializada en la UDM de AFeC de Vigo La UDM tiene acreditados múltiples dispositivos al servicio de la docencia en las especialidades de Enfermería y Medicina Familiar y Comunitarias. &hellip;</p>
<p class="read-more"> <a class="" href="https://www.afecvigo.es/web/?page_id=3426&#038;lang=es"> <span class="screen-reader-text">Localización</span> Read More &raquo;</a></p>
