{"id":3414,"date":"2022-02-17T12:49:47","date_gmt":"2022-02-17T12:49:47","guid":{"rendered":"https:\/\/www.afecvigo.es\/web\/?page_id=3414"},"modified":"2025-04-16T12:16:43","modified_gmt":"2025-04-16T12:16:43","slug":"investigacion-2","status":"publish","type":"page","link":"https:\/\/www.afecvigo.es\/web\/?page_id=3414&lang=es","title":{"rendered":"Investigaci\u00f3n"},"content":{"rendered":"\t\t<div data-elementor-type=\"wp-page\" data-elementor-id=\"3414\" class=\"elementor elementor-3414\">\n\t\t\t\t\t\t<div class=\"elementor-inner\">\n\t\t\t\t<div class=\"elementor-section-wrap\">\n\t\t\t\t\t\t\t\t\t<section class=\"elementor-section elementor-top-section elementor-element elementor-element-cf8882e elementor-section-boxed elementor-section-height-default elementor-section-height-default\" data-id=\"cf8882e\" data-element_type=\"section\">\n\t\t\t\t\t\t<div class=\"elementor-container elementor-column-gap-default\">\n\t\t\t\t\t\t\t<div class=\"elementor-row\">\n\t\t\t\t\t<div class=\"elementor-column elementor-col-100 elementor-top-column elementor-element elementor-element-1302211d\" data-id=\"1302211d\" data-element_type=\"column\">\n\t\t\t<div class=\"elementor-column-wrap elementor-element-populated\">\n\t\t\t\t\t\t\t<div class=\"elementor-widget-wrap\">\n\t\t\t\t\t\t<div class=\"elementor-element elementor-element-4e66ddf8 elementor-widget elementor-widget-text-editor\" data-id=\"4e66ddf8\" data-element_type=\"widget\" data-widget_type=\"text-editor.default\">\n\t\t\t\t<div class=\"elementor-widget-container\">\n\t\t\t\t\t\t\t\t<div class=\"elementor-text-editor elementor-clearfix\">\n\t\t\t\t<!-- wp:heading -->\n<h2>Misi\u00f3n<\/h2>\n<!-- \/wp:heading -->\n\n<!-- wp:list -->\n<ul><li>Capacitar a los residentes para poder dise\u00f1ar y ejecutar investigaci\u00f3n en Atenci\u00f3n Primaria. <\/li><li>Formar a los residentes en Metodolog\u00eda de la Investigaci\u00f3n (Herramientas de informaci\u00f3n, Epidemiolog\u00eda y estad\u00edstica) <\/li><li>Apoyar a los tutores en sus actividades de investigaci\u00f3n. Fomentar la actividad investigadora en los centros docentes. <\/li><li>Conseguir fondos para la investigaci\u00f3n en convocatorias competitivas.<\/li><\/ul>\n<!-- \/wp:list -->\n\n<!-- wp:heading -->\n<h2>Visi\u00f3n<\/h2>\n<!-- \/wp:heading -->\n\n<!-- wp:list -->\n<ul><li>Aumentar la masa cr\u00edtica en investigaci\u00f3n de Atenci\u00f3n Primaria del \u00c1rea<\/li><li>Integrar en el d\u00eda a d\u00eda de los centros de salud docentes, la actividad investigadora<\/li><li>Aumentar el n\u00famero de profesionales investigadores entre los docentes y en el \u00c1rea<\/li><li>Liderar la consolidaci\u00f3n de una Unidad de Investigaci\u00f3n de Atenci\u00f3n Primaria, potente.<\/li><\/ul>\n<!-- \/wp:list -->\n\n<!-- wp:heading -->\n<h2>Valores<\/h2>\n<!-- \/wp:heading -->\n\n<!-- wp:list -->\n<ul><li>Permitir que aflore el potencial individual de los miembros de la comunidad docente, favorecer la creatividad, acompa\u00f1ar en los retos<\/li><li>Cuidar la rigurosidad cient\u00edfica y vigilar, respetar y custodiar los principios bio\u00e9ticos en la investigaci\u00f3n.<\/li><\/ul>\n<!-- \/wp:list -->\t\t\t\t\t<\/div>\n\t\t\t\t\t\t<\/div>\n\t\t\t\t<\/div>\n\t\t\t\t\t\t<\/div>\n\t\t\t\t\t<\/div>\n\t\t<\/div>\n\t\t\t\t\t\t\t\t<\/div>\n\t\t\t\t\t<\/div>\n\t\t<\/section>\n\t\t\t\t\t\t\t\t\t<\/div>\n\t\t\t<\/div>\n\t\t\t\t\t<\/div>\n\t\t","protected":false},"excerpt":{"rendered":"<p>Misi\u00f3n Capacitar a los residentes para poder dise\u00f1ar y ejecutar investigaci\u00f3n en Atenci\u00f3n Primaria. Formar a los residentes en Metodolog\u00eda de la Investigaci\u00f3n (Herramientas de informaci\u00f3n, Epidemiolog\u00eda y estad\u00edstica) Apoyar a los tutores en sus actividades de investigaci\u00f3n. Fomentar la actividad investigadora en los centros docentes. Conseguir fondos para la investigaci\u00f3n en convocatorias competitivas. Visi\u00f3n &hellip;<\/p>\n<p class=\"read-more\"> <a class=\"\" href=\"https:\/\/www.afecvigo.es\/web\/?page_id=3414&#038;lang=es\"> <span class=\"screen-reader-text\">Investigaci\u00f3n<\/span> Read More &raquo;<\/a><\/p>\n","protected":false},"author":1,"featured_media":1855,"parent":0,"menu_order":0,"comment_status":"closed","ping_status":"closed","template":"elementor_header_footer","meta":{"footnotes":""},"class_list":["post-3414","page","type-page","status-publish","has-post-thumbnail","hentry"],"_links":{"self":[{"href":"https:\/\/www.afecvigo.es\/web\/index.php?rest_route=\/wp\/v2\/pages\/3414","targetHints":{"allow":["GET"]}}],"collection":[{"href":"https:\/\/www.afecvigo.es\/web\/index.php?rest_route=\/wp\/v2\/pages"}],"about":[{"href":"https:\/\/www.afecvigo.es\/web\/index.php?rest_route=\/wp\/v2\/types\/page"}],"author":[{"embeddable":true,"href":"https:\/\/www.afecvigo.es\/web\/index.php?rest_route=\/wp\/v2\/users\/1"}],"replies":[{"embeddable":true,"href":"https:\/\/www.afecvigo.es\/web\/index.php?rest_route=%2Fwp%2Fv2%2Fcomments&post=3414"}],"version-history":[{"count":6,"href":"https:\/\/www.afecvigo.es\/web\/index.php?rest_route=\/wp\/v2\/pages\/3414\/revisions"}],"predecessor-version":[{"id":7541,"href":"https:\/\/www.afecvigo.es\/web\/index.php?rest_route=\/wp\/v2\/pages\/3414\/revisions\/7541"}],"wp:featuredmedia":[{"embeddable":true,"href":"https:\/\/www.afecvigo.es\/web\/index.php?rest_route=\/wp\/v2\/media\/1855"}],"wp:attachment":[{"href":"https:\/\/www.afecvigo.es\/web\/index.php?rest_route=%2Fwp%2Fv2%2Fmedia&parent=3414"}],"curies":[{"name":"wp","href":"https:\/\/api.w.org\/{rel}","templated":true}]}}

Investigación

<div data-elementor-type="wp-page" data-elementor-id="3414" class="elementor elementor-3414">
						<div class="elementor-inner">
				<div class="elementor-section-wrap">
									<section class="elementor-section elementor-top-section elementor-element elementor-element-cf8882e elementor-section-boxed elementor-section-height-default elementor-section-height-default" data-id="cf8882e" data-element_type="section">
						<div class="elementor-container elementor-column-gap-default">
							<div class="elementor-row">
					<div class="elementor-column elementor-col-100 elementor-top-column elementor-element elementor-element-1302211d" data-id="1302211d" data-element_type="column">
			<div class="elementor-column-wrap elementor-element-populated">
							<div class="elementor-widget-wrap">
						<div class="elementor-element elementor-element-4e66ddf8 elementor-widget elementor-widget-text-editor" data-id="4e66ddf8" data-element_type="widget" data-widget_type="text-editor.default">
				<div class="elementor-widget-container">
								<div class="elementor-text-editor elementor-clearfix">
				<!-- wp:heading -->
<h2>Misión</h2>
<!-- /wp:heading -->

<!-- wp:list -->
<ul><li>Capacitar a los residentes para poder diseñar y ejecutar investigación en Atención Primaria. </li><li>Formar a los residentes en Metodología de la Investigación (Herramientas de información, Epidemiología y estadística) </li><li>Apoyar a los tutores en sus actividades de investigación. Fomentar la actividad investigadora en los centros docentes. </li><li>Conseguir fondos para la investigación en convocatorias competitivas.</li></ul>
<!-- /wp:list -->

<!-- wp:heading -->
<h2>Visión</h2>
<!-- /wp:heading -->

<!-- wp:list -->
<ul><li>Aumentar la masa crítica en investigación de Atención Primaria del Área</li><li>Integrar en el día a día de los centros de salud docentes, la actividad investigadora</li><li>Aumentar el número de profesionales investigadores entre los docentes y en el Área</li><li>Liderar la consolidación de una Unidad de Investigación de Atención Primaria, potente.</li></ul>
<!-- /wp:list -->

<!-- wp:heading -->
<h2>Valores</h2>
<!-- /wp:heading -->

<!-- wp:list -->
<ul><li>Permitir que aflore el potencial individual de los miembros de la comunidad docente, favorecer la creatividad, acompañar en los retos</li><li>Cuidar la rigurosidad científica y vigilar, respetar y custodiar los principios bioéticos en la investigación.</li></ul>
<!-- /wp:list -->					</div>
						</div>
				</div>
						</div>
					</div>
		</div>
								</div>
					</div>
		</section>
									</div>
			</div>
					</div>

<p>Misión Capacitar a los residentes para poder diseñar y ejecutar investigación en Atención Primaria. Formar a los residentes en Metodología de la Investigación (Herramientas de información, Epidemiología y estadística) Apoyar a los tutores en sus actividades de investigación. Fomentar la actividad investigadora en los centros docentes. Conseguir fondos para la investigación en convocatorias competitivas. Visión &hellip;</p>
<p class="read-more"> <a class="" href="https://www.afecvigo.es/web/?page_id=3414&#038;lang=es"> <span class="screen-reader-text">Investigación</span> Read More &raquo;</a></p>
