{"id":2499,"date":"2022-02-02T14:56:14","date_gmt":"2022-02-02T14:56:14","guid":{"rendered":"https:\/\/www.afecvigo.es\/web\/?page_id=2499"},"modified":"2022-11-04T19:15:16","modified_gmt":"2022-11-04T19:15:16","slug":"guardias","status":"publish","type":"page","link":"https:\/\/www.afecvigo.es\/web\/?page_id=2499","title":{"rendered":"Gardas"},"content":{"rendered":"\t\t<div data-elementor-type=\"wp-page\" data-elementor-id=\"2499\" class=\"elementor elementor-2499\">\n\t\t\t\t\t\t<div class=\"elementor-inner\">\n\t\t\t\t<div class=\"elementor-section-wrap\">\n\t\t\t\t\t\t\t\t\t<section class=\"elementor-section elementor-top-section elementor-element elementor-element-77c80fc2 elementor-section-boxed elementor-section-height-default elementor-section-height-default\" data-id=\"77c80fc2\" data-element_type=\"section\">\n\t\t\t\t\t\t<div class=\"elementor-container elementor-column-gap-default\">\n\t\t\t\t\t\t\t<div class=\"elementor-row\">\n\t\t\t\t\t<div class=\"elementor-column elementor-col-100 elementor-top-column elementor-element elementor-element-5a84681d\" data-id=\"5a84681d\" data-element_type=\"column\">\n\t\t\t<div class=\"elementor-column-wrap elementor-element-populated\">\n\t\t\t\t\t\t\t<div class=\"elementor-widget-wrap\">\n\t\t\t\t\t\t<div class=\"elementor-element elementor-element-52f4a59 elementor-drop-cap-yes elementor-drop-cap-view-default elementor-widget elementor-widget-text-editor\" data-id=\"52f4a59\" data-element_type=\"widget\" data-settings=\"{&quot;drop_cap&quot;:&quot;yes&quot;}\" data-widget_type=\"text-editor.default\">\n\t\t\t\t<div class=\"elementor-widget-container\">\n\t\t\t\t\t\t\t\t<div class=\"elementor-text-editor elementor-clearfix\">\n\t\t\t\t<p><!-- wp:heading --><\/p>\n<h2>Gardas MIR<\/h2>\n<p><!-- \/wp:heading --><\/p>\n<p><!-- wp:list --><\/p>\n<ul>\n<li>Poderanse realizar entre un m\u00ednimo 3 e un m\u00e1ximo de 5 gardas ao mes, 1 de 24 horas e o resto de 17 horas.<\/li>\n<li>As gardas de PAC realiz\u00e1ranse nos PAC acreditados<\/li>\n<li>Durante a rotaci\u00f3n rural, todas as gardas realizaranse nos PAC da Guarda e A Ca\u00f1iza, segundo corresponda.<\/li>\n<li>As gardas de hospital en cada Hospital.<\/li>\n<li>As gardas libr\u00e1nse ao d\u00eda seguinte.<\/li>\n<li>Todo cambio de garda debe ser comunicado con antelaci\u00f3n, cubrindo o impreso de cambio de garda.<\/li>\n<\/ul>\n<p><!-- \/wp:list --><\/p>\n<p><!-- wp:heading --><\/p>\n<h2>Itinerario formativo Gardas MIR<\/h2>\n<p><!-- \/wp:heading --><\/p>\n<p><!-- wp:shortcode --><br \/><div class=\"su-table su-table-alternate\"><\/p>\n<table>\n<tbody>\n<tr>\n<th rowspan=\"2\">MIR1<\/th>\n<td rowspan=\"2\">Ao mes<\/td>\n<th colspan=\"1\">3 primeros meses<\/th>\n<th colspan=\"3\">8 meses<\/th>\n<\/tr>\n<tr>\n<td>3 en PAC y 2 en Urxencias de Hospital<\/td>\n<td colspan=\"3\">4 en Urxencias de Hospital e 1 en PAC<\/td>\n<\/tr>\n<tr>\n<th rowspan=\"2\">MIR2<\/th>\n<td rowspan=\"2\">Ao mes<\/td>\n<th colspan=\"1\">6 meses<\/th>\n<th colspan=\"1\">4 meses<\/th>\n<th colspan=\"2\">1 mes<\/th>\n<\/tr>\n<tr>\n<td>4 en Urxencias de Hospital e 1 en PAC<\/td>\n<td>4 Urxencias Traumatolox\u00eda, Cirurx\u00eda, Oftalmolox\u00eda e 1 en PAC<\/td>\n<td colspan=\"2\">5 PAC Rural<\/td>\n<\/tr>\n<tr>\n<th rowspan=\"2\">MIR3<\/th>\n<td rowspan=\"2\">Ao mes<\/td>\n<th>3 meses<\/th>\n<th>1 mes<\/th>\n<th>3 meses<\/th>\n<th>4 meses<\/th>\n<\/tr>\n<tr>\n<td>4 Urxencias Pediatr\u00eda e 1 en PAC<\/td>\n<td>4 Urxencias Obst\u00e9trico xinecol\u00f3xicas e 1 en PAC<\/td>\n<td>4 Electivas e 1 en PAC<\/td>\n<td>4 en Urxencias Hospital e 1 en PAC<\/td>\n<\/tr>\n<tr>\n<th rowspan=\"2\">MIR4<\/th>\n<td rowspan=\"2\">Ao mes<\/td>\n<th colspan=\"4\">11 meses<\/th>\n<\/tr>\n<tr>\n<td colspan=\"4\">5 en PAC (De forma opcional 1 o 2 en Urxencias de Hospital)<\/td>\n<\/tr>\n<\/tbody>\n<\/table>\n<p><\/div><br \/><!-- \/wp:shortcode --><\/p>\n<p><!-- wp:heading --><\/p>\n<h2>Gardas EIR<\/h2>\n<p><!-- \/wp:heading --><\/p>\n<p><!-- wp:list --><\/p>\n<ul>\n<li>2 gardas ao mes de 17 horas.<\/li>\n<li>Realizaranse nos PAC (Puntos de Atenci\u00f3n Continuada) Opcionalmente no hospital e son quendas de 10 horas nocturnas (m\u00e1ximo 3).<\/li>\n<li>A gardas libranse ao d\u00eda seguinte.<\/li>\n<li>Todo cambio de garda debe ser comunicado con antelaci\u00f3n, cubrindo o impreso de cambio de garda.<\/li>\n<\/ul>\n<p><!-- \/wp:list --><\/p>\n<p><!-- wp:heading --><\/p>\n<h2>Distribucion Gardas EIR<\/h2>\n<p><!-- \/wp:heading --><\/p>\n<p><!-- wp:html --><br \/><div class=\"su-table su-table-alternate\"><\/p>\n<table>\n<tbody>\n<tr>\n<td>\u00a0<\/td>\n<th>Total<\/th>\n<th>PAC VIGO<\/th>\n<th>PAC ADSCRITO<\/th>\n<\/tr>\n<tr>\n<th rowspan=\"3\">EIR1<\/th>\n<td>2<\/td>\n<td><b>1<\/b><\/td>\n<td><b>1<\/b><\/td>\n<\/tr>\n<tr>\n<td>\u00a0<\/td>\n<td>\u00a0<\/td>\n<td>\u00a0<\/td>\n<\/tr>\n<tr>\n<td>\u00a0<\/td>\n<td>\u00a0<\/td>\n<td>\u00a0<\/td>\n<\/tr>\n<tr>\n<th rowspan=\"3\">EIR2<\/th>\n<td>2<\/td>\n<td>\u00a0<\/td>\n<td><b>2<\/b><\/td>\n<\/tr>\n<tr>\n<td>\u00a0<\/td>\n<td>\u00a0<\/td>\n<td>\u00a0<\/td>\n<\/tr>\n<tr>\n<td>\u00a0<\/td>\n<td>\u00a0<\/td>\n<td>\u00a0<\/td>\n<\/tr>\n<\/tbody>\n<\/table>\n<p><\/div><br \/><!-- \/wp:html --><\/p>\t\t\t\t\t<\/div>\n\t\t\t\t\t\t<\/div>\n\t\t\t\t<\/div>\n\t\t\t\t\t\t<\/div>\n\t\t\t\t\t<\/div>\n\t\t<\/div>\n\t\t\t\t\t\t\t\t<\/div>\n\t\t\t\t\t<\/div>\n\t\t<\/section>\n\t\t\t\t\t\t\t\t\t<\/div>\n\t\t\t<\/div>\n\t\t\t\t\t<\/div>\n\t\t","protected":false},"excerpt":{"rendered":"<p>Gardas MIR Poderanse realizar entre un m\u00ednimo 3 e un m\u00e1ximo de 5 gardas ao mes, 1 de 24 horas e o resto de 17 horas. As gardas de PAC realiz\u00e1ranse nos PAC acreditados Durante a rotaci\u00f3n rural, todas as gardas realizaranse nos PAC da Guarda e A Ca\u00f1iza, segundo corresponda. As gardas de hospital &hellip;<\/p>\n<p class=\"read-more\"> <a class=\"\" href=\"https:\/\/www.afecvigo.es\/web\/?page_id=2499\"> <span class=\"screen-reader-text\">Gardas<\/span> Read More &raquo;<\/a><\/p>\n","protected":false},"author":1,"featured_media":0,"parent":0,"menu_order":0,"comment_status":"closed","ping_status":"closed","template":"","meta":{"footnotes":""},"class_list":["post-2499","page","type-page","status-publish","hentry"],"_links":{"self":[{"href":"https:\/\/www.afecvigo.es\/web\/index.php?rest_route=\/wp\/v2\/pages\/2499","targetHints":{"allow":["GET"]}}],"collection":[{"href":"https:\/\/www.afecvigo.es\/web\/index.php?rest_route=\/wp\/v2\/pages"}],"about":[{"href":"https:\/\/www.afecvigo.es\/web\/index.php?rest_route=\/wp\/v2\/types\/page"}],"author":[{"embeddable":true,"href":"https:\/\/www.afecvigo.es\/web\/index.php?rest_route=\/wp\/v2\/users\/1"}],"replies":[{"embeddable":true,"href":"https:\/\/www.afecvigo.es\/web\/index.php?rest_route=%2Fwp%2Fv2%2Fcomments&post=2499"}],"version-history":[{"count":20,"href":"https:\/\/www.afecvigo.es\/web\/index.php?rest_route=\/wp\/v2\/pages\/2499\/revisions"}],"predecessor-version":[{"id":5362,"href":"https:\/\/www.afecvigo.es\/web\/index.php?rest_route=\/wp\/v2\/pages\/2499\/revisions\/5362"}],"wp:attachment":[{"href":"https:\/\/www.afecvigo.es\/web\/index.php?rest_route=%2Fwp%2Fv2%2Fmedia&parent=2499"}],"curies":[{"name":"wp","href":"https:\/\/api.w.org\/{rel}","templated":true}]}}