{"id":219,"date":"2020-04-13T11:18:52","date_gmt":"2020-04-13T11:18:52","guid":{"rendered":"http:\/\/localhost\/about\/"},"modified":"2025-05-30T12:43:17","modified_gmt":"2025-05-30T12:43:17","slug":"conocenos","status":"publish","type":"page","link":"https:\/\/www.afecvigo.es\/web\/?page_id=219","title":{"rendered":"Co\u00f1\u00e9cenos"},"content":{"rendered":"\t\t<div data-elementor-type=\"wp-page\" data-elementor-id=\"219\" class=\"elementor elementor-219\">\n\t\t\t\t\t\t<div class=\"elementor-inner\">\n\t\t\t\t<div class=\"elementor-section-wrap\">\n\t\t\t\t\t\t\t\t\t<section class=\"elementor-section elementor-top-section elementor-element elementor-element-0d9c766 elementor-section-boxed elementor-section-height-default elementor-section-height-default\" data-id=\"0d9c766\" data-element_type=\"section\">\n\t\t\t\t\t\t<div class=\"elementor-container elementor-column-gap-default\">\n\t\t\t\t\t\t\t<div class=\"elementor-row\">\n\t\t\t\t\t<div class=\"elementor-column elementor-col-100 elementor-top-column elementor-element elementor-element-0498253\" data-id=\"0498253\" data-element_type=\"column\">\n\t\t\t<div class=\"elementor-column-wrap elementor-element-populated\">\n\t\t\t\t\t\t\t<div class=\"elementor-widget-wrap\">\n\t\t\t\t\t\t<div class=\"elementor-element elementor-element-d5f86b3 elementor-widget__width-inherit elementor-widget elementor-widget-text-editor\" data-id=\"d5f86b3\" data-element_type=\"widget\" data-widget_type=\"text-editor.default\">\n\t\t\t\t<div class=\"elementor-widget-container\">\n\t\t\t\t\t\t\t\t<div class=\"elementor-text-editor elementor-clearfix\">\n\t\t\t\t<p>A Unidade Docente Multidisciplinar de Atenci\u00f3n Familiar e Comunitaria foi acreditada, pola Direcci\u00f3n Xeral de Ordenanza Profesional do Ministerio de Sanidade, Servizos Soiciais e Igualdade, o 30 de xu\u00f1o de 2014, cunha capacidade docente de 24 residentes\/ano de Medicina Familiar e Comunitaria e 24 residentes\/ano de Enfermer\u00eda Familiar e Comunitaria.<\/p><p>A Entidade Titular \u00e1 que est\u00e1 adscrita a UDM de AFyC de Vigo \u00e9 a Xerencia da \u00c1rea Sanitaria de Vigo, \u00c1rea Sanitaria Vigo e por extensi\u00f3n ao Servizo Galego de Sa\u00fade. A m\u00e1xima autoridade en materia de Formaci\u00f3n e Investigaci\u00f3n en Galicia \u00e9 a Axenda de Co\u00f1ecemento en Sa\u00fade (ACIS).<\/p><p>As funci\u00f3ns que desenvolve a Unidade Docente Multiprofesional de Vigo son:<\/p><ol><li>Formaci\u00f3n de Grao.<\/li><li>Formaci\u00f3n postgrao de especialistas: as nosas funci\u00f3ns e cometidos ve\u00f1en marcados polas directrices dos Programas Oficiais das Especialidades e as pautas das Comisi\u00f3ns Nacionais das Especialidades, dependentes do Ministerio de Sanidade e Consumo.<\/li><li>Formaci\u00f3n continuada.<\/li><li>Investigaci\u00f3n.<\/li><\/ol>\t\t\t\t\t<\/div>\n\t\t\t\t\t\t<\/div>\n\t\t\t\t<\/div>\n\t\t\t\t\t\t<\/div>\n\t\t\t\t\t<\/div>\n\t\t<\/div>\n\t\t\t\t\t\t\t\t<\/div>\n\t\t\t\t\t<\/div>\n\t\t<\/section>\n\t\t\t\t<section class=\"elementor-section elementor-top-section elementor-element elementor-element-83c7df5 elementor-section-boxed elementor-section-height-default elementor-section-height-default\" data-id=\"83c7df5\" data-element_type=\"section\">\n\t\t\t\t\t\t<div class=\"elementor-container elementor-column-gap-default\">\n\t\t\t\t\t\t\t<div class=\"elementor-row\">\n\t\t\t\t\t<div class=\"elementor-column elementor-col-50 elementor-top-column elementor-element elementor-element-feac9bc\" data-id=\"feac9bc\" data-element_type=\"column\">\n\t\t\t<div class=\"elementor-column-wrap elementor-element-populated\">\n\t\t\t\t\t\t\t<div class=\"elementor-widget-wrap\">\n\t\t\t\t\t\t<div class=\"elementor-element elementor-element-d355136 elementor-widget elementor-widget-text-editor\" data-id=\"d355136\" data-element_type=\"widget\" data-widget_type=\"text-editor.default\">\n\t\t\t\t<div class=\"elementor-widget-container\">\n\t\t\t\t\t\t\t\t<div class=\"elementor-text-editor elementor-clearfix\">\n\t\t\t\t<p><img loading=\"lazy\" decoding=\"async\" class=\"alignnone wp-image-2396 aligncenter\" src=\"https:\/\/www.afecvigo.es\/web\/wp-content\/uploads\/2022\/01\/Marivi-1.jpg\" alt=\"\" width=\"179\" height=\"248\" srcset=\"https:\/\/www.afecvigo.es\/web\/wp-content\/uploads\/2022\/01\/Marivi-1.jpg 603w, https:\/\/www.afecvigo.es\/web\/wp-content\/uploads\/2022\/01\/Marivi-1-217x300.jpg 217w\" sizes=\"auto, (max-width: 179px) 100vw, 179px\" \/><\/p>\t\t\t\t\t<\/div>\n\t\t\t\t\t\t<\/div>\n\t\t\t\t<\/div>\n\t\t\t\t\t\t<\/div>\n\t\t\t\t\t<\/div>\n\t\t<\/div>\n\t\t\t\t<div class=\"elementor-column elementor-col-50 elementor-top-column elementor-element elementor-element-4647a91\" data-id=\"4647a91\" data-element_type=\"column\">\n\t\t\t<div class=\"elementor-column-wrap elementor-element-populated\">\n\t\t\t\t\t\t\t<div class=\"elementor-widget-wrap\">\n\t\t\t\t\t\t<div class=\"elementor-element elementor-element-7bf82d5 elementor-widget elementor-widget-text-editor\" data-id=\"7bf82d5\" data-element_type=\"widget\" data-widget_type=\"text-editor.default\">\n\t\t\t\t<div class=\"elementor-widget-container\">\n\t\t\t\t\t\t\t\t<div class=\"elementor-text-editor elementor-clearfix\">\n\t\t\t\t<h3 style=\"text-align: left;\"><strong>Xefa de Estudos<\/strong><\/h3>\n<p style=\"text-align: left;\">Mar\u00eda Victoria Mart\u00edn Miguel<\/p>\n<p style=\"text-align: left;\">Tel\u00e9fono: 986816446 &#8211; Ext: 281637<\/p>\n<p style=\"text-align: left;\">E-mail: maria.victoria.martin.miguel@sergas.es<\/p>\t\t\t\t\t<\/div>\n\t\t\t\t\t\t<\/div>\n\t\t\t\t<\/div>\n\t\t\t\t\t\t<\/div>\n\t\t\t\t\t<\/div>\n\t\t<\/div>\n\t\t\t\t\t\t\t\t<\/div>\n\t\t\t\t\t<\/div>\n\t\t<\/section>\n\t\t\t\t<section class=\"elementor-section elementor-top-section elementor-element elementor-element-0c4f990 elementor-section-boxed elementor-section-height-default elementor-section-height-default\" data-id=\"0c4f990\" data-element_type=\"section\">\n\t\t\t\t\t\t<div class=\"elementor-container elementor-column-gap-default\">\n\t\t\t\t\t\t\t<div class=\"elementor-row\">\n\t\t\t\t\t<div class=\"elementor-column elementor-col-50 elementor-top-column elementor-element elementor-element-e2bcf12\" data-id=\"e2bcf12\" data-element_type=\"column\">\n\t\t\t<div class=\"elementor-column-wrap elementor-element-populated\">\n\t\t\t\t\t\t\t<div class=\"elementor-widget-wrap\">\n\t\t\t\t\t\t<div class=\"elementor-element elementor-element-bb6443b elementor-widget elementor-widget-text-editor\" data-id=\"bb6443b\" data-element_type=\"widget\" data-widget_type=\"text-editor.default\">\n\t\t\t\t<div class=\"elementor-widget-container\">\n\t\t\t\t\t\t\t\t<div class=\"elementor-text-editor elementor-clearfix\">\n\t\t\t\t<p><img loading=\"lazy\" decoding=\"async\" class=\" wp-image-7884 aligncenter\" src=\"https:\/\/www.afecvigo.es\/web\/wp-content\/uploads\/2025\/05\/MARIA.png\" alt=\"\" width=\"202\" height=\"277\" srcset=\"https:\/\/www.afecvigo.es\/web\/wp-content\/uploads\/2025\/05\/MARIA.png 378w, https:\/\/www.afecvigo.es\/web\/wp-content\/uploads\/2025\/05\/MARIA-218x300.png 218w\" sizes=\"auto, (max-width: 202px) 100vw, 202px\" \/><\/p>\t\t\t\t\t<\/div>\n\t\t\t\t\t\t<\/div>\n\t\t\t\t<\/div>\n\t\t\t\t\t\t<\/div>\n\t\t\t\t\t<\/div>\n\t\t<\/div>\n\t\t\t\t<div class=\"elementor-column elementor-col-50 elementor-top-column elementor-element elementor-element-d8e2a5e\" data-id=\"d8e2a5e\" data-element_type=\"column\">\n\t\t\t<div class=\"elementor-column-wrap elementor-element-populated\">\n\t\t\t\t\t\t\t<div class=\"elementor-widget-wrap\">\n\t\t\t\t\t\t<div class=\"elementor-element elementor-element-59a3121 elementor-widget elementor-widget-text-editor\" data-id=\"59a3121\" data-element_type=\"widget\" data-widget_type=\"text-editor.default\">\n\t\t\t\t<div class=\"elementor-widget-container\">\n\t\t\t\t\t\t\t\t<div class=\"elementor-text-editor elementor-clearfix\">\n\t\t\t\t<h3 style=\"text-align: left;\"><strong>Presidenta Subcomisi\u00f3n Enfermer\u00eda<\/strong><\/h3><p>Mar\u00eda Rey Grandal<\/p><p style=\"text-align: left;\">Tel\u00e9fono: 986816449 &#8211; Ext: 281659<\/p><p style=\"text-align: left;\">E-mail: maria.rey.grandal@sergas.es<\/p>\t\t\t\t\t<\/div>\n\t\t\t\t\t\t<\/div>\n\t\t\t\t<\/div>\n\t\t\t\t\t\t<\/div>\n\t\t\t\t\t<\/div>\n\t\t<\/div>\n\t\t\t\t\t\t\t\t<\/div>\n\t\t\t\t\t<\/div>\n\t\t<\/section>\n\t\t\t\t<section class=\"elementor-section elementor-top-section elementor-element elementor-element-17c3667 elementor-section-boxed elementor-section-height-default elementor-section-height-default\" data-id=\"17c3667\" data-element_type=\"section\">\n\t\t\t\t\t\t<div class=\"elementor-container elementor-column-gap-default\">\n\t\t\t\t\t\t\t<div class=\"elementor-row\">\n\t\t\t\t\t<div class=\"elementor-column elementor-col-50 elementor-top-column elementor-element elementor-element-5fbc0e2\" data-id=\"5fbc0e2\" data-element_type=\"column\">\n\t\t\t<div class=\"elementor-column-wrap elementor-element-populated\">\n\t\t\t\t\t\t\t<div class=\"elementor-widget-wrap\">\n\t\t\t\t\t\t<div class=\"elementor-element elementor-element-af6306f elementor-widget elementor-widget-text-editor\" data-id=\"af6306f\" data-element_type=\"widget\" data-widget_type=\"text-editor.default\">\n\t\t\t\t<div class=\"elementor-widget-container\">\n\t\t\t\t\t\t\t\t<div class=\"elementor-text-editor elementor-clearfix\">\n\t\t\t\t<p><img loading=\"lazy\" decoding=\"async\" class=\" wp-image-983 aligncenter\" src=\"https:\/\/www.afecvigo.es\/web\/wp-content\/uploads\/2020\/12\/anf.png\" alt=\"\" width=\"198\" height=\"217\" \/><\/p>\t\t\t\t\t<\/div>\n\t\t\t\t\t\t<\/div>\n\t\t\t\t<\/div>\n\t\t\t\t\t\t<\/div>\n\t\t\t\t\t<\/div>\n\t\t<\/div>\n\t\t\t\t<div class=\"elementor-column elementor-col-50 elementor-top-column elementor-element elementor-element-203c2aa\" data-id=\"203c2aa\" data-element_type=\"column\">\n\t\t\t<div class=\"elementor-column-wrap elementor-element-populated\">\n\t\t\t\t\t\t\t<div class=\"elementor-widget-wrap\">\n\t\t\t\t\t\t<div class=\"elementor-element elementor-element-ff9b928 elementor-widget elementor-widget-text-editor\" data-id=\"ff9b928\" data-element_type=\"widget\" data-widget_type=\"text-editor.default\">\n\t\t\t\t<div class=\"elementor-widget-container\">\n\t\t\t\t\t\t\t\t<div class=\"elementor-text-editor elementor-clearfix\">\n\t\t\t\t<h3><strong>T\u00e9cnica de Sa\u00fade P\u00fablica<\/strong><\/h3>\n<p>Ana Claver\u00eda Font\u00e1n<\/p>\n<p>Tel\u00e9fono: 986816447 &#8211; Ext: 281636<\/p>\n<p>E-mail: ana.claveria.fontan@sergas.es<\/p>\t\t\t\t\t<\/div>\n\t\t\t\t\t\t<\/div>\n\t\t\t\t<\/div>\n\t\t\t\t\t\t<\/div>\n\t\t\t\t\t<\/div>\n\t\t<\/div>\n\t\t\t\t\t\t\t\t<\/div>\n\t\t\t\t\t<\/div>\n\t\t<\/section>\n\t\t\t\t<section class=\"elementor-section elementor-top-section elementor-element elementor-element-fcd6482 elementor-section-boxed elementor-section-height-default elementor-section-height-default\" data-id=\"fcd6482\" data-element_type=\"section\">\n\t\t\t\t\t\t<div class=\"elementor-container elementor-column-gap-default\">\n\t\t\t\t\t\t\t<div class=\"elementor-row\">\n\t\t\t\t\t<div class=\"elementor-column elementor-col-100 elementor-top-column elementor-element elementor-element-e673883\" data-id=\"e673883\" data-element_type=\"column\">\n\t\t\t<div class=\"elementor-column-wrap elementor-element-populated\">\n\t\t\t\t\t\t\t<div class=\"elementor-widget-wrap\">\n\t\t\t\t\t\t<div class=\"elementor-element elementor-element-728fbc2 elementor-widget elementor-widget-heading\" data-id=\"728fbc2\" data-element_type=\"widget\" data-widget_type=\"heading.default\">\n\t\t\t\t<div class=\"elementor-widget-container\">\n\t\t\t<h2 class=\"elementor-heading-title elementor-size-default\"><b>Secretar\u00eda<\/b><\/h2>\t\t<\/div>\n\t\t\t\t<\/div>\n\t\t\t\t<div class=\"elementor-element elementor-element-42e77a9 elementor-widget elementor-widget-text-editor\" data-id=\"42e77a9\" data-element_type=\"widget\" data-widget_type=\"text-editor.default\">\n\t\t\t\t<div class=\"elementor-widget-container\">\n\t\t\t\t\t\t\t\t<div class=\"elementor-text-editor elementor-clearfix\">\n\t\t\t\t<p>E-mail: secretaria.UDM.de.AF.y.C.de.Vigo@sergas.es<\/p>\t\t\t\t\t<\/div>\n\t\t\t\t\t\t<\/div>\n\t\t\t\t<\/div>\n\t\t\t\t\t\t<\/div>\n\t\t\t\t\t<\/div>\n\t\t<\/div>\n\t\t\t\t\t\t\t\t<\/div>\n\t\t\t\t\t<\/div>\n\t\t<\/section>\n\t\t\t\t<section class=\"elementor-section elementor-top-section elementor-element elementor-element-9dd908f elementor-section-boxed elementor-section-height-default elementor-section-height-default\" data-id=\"9dd908f\" data-element_type=\"section\">\n\t\t\t\t\t\t<div class=\"elementor-container elementor-column-gap-default\">\n\t\t\t\t\t\t\t<div class=\"elementor-row\">\n\t\t\t\t\t<div class=\"elementor-column elementor-col-66 elementor-top-column elementor-element elementor-element-e23ed4a\" data-id=\"e23ed4a\" data-element_type=\"column\">\n\t\t\t<div class=\"elementor-column-wrap elementor-element-populated\">\n\t\t\t\t\t\t\t<div class=\"elementor-widget-wrap\">\n\t\t\t\t\t\t<div class=\"elementor-element elementor-element-9263506 elementor-widget elementor-widget-text-editor\" data-id=\"9263506\" data-element_type=\"widget\" data-widget_type=\"text-editor.default\">\n\t\t\t\t<div class=\"elementor-widget-container\">\n\t\t\t\t\t\t\t\t<div class=\"elementor-text-editor elementor-clearfix\">\n\t\t\t\t<p><img loading=\"lazy\" decoding=\"async\" class=\" wp-image-7885 aligncenter\" src=\"https:\/\/www.afecvigo.es\/web\/wp-content\/uploads\/2025\/05\/esther.png\" alt=\"\" width=\"155\" height=\"180\" srcset=\"https:\/\/www.afecvigo.es\/web\/wp-content\/uploads\/2025\/05\/esther.png 500w, https:\/\/www.afecvigo.es\/web\/wp-content\/uploads\/2025\/05\/esther-258x300.png 258w\" sizes=\"auto, (max-width: 155px) 100vw, 155px\" \/><\/p><p><img loading=\"lazy\" decoding=\"async\" class=\"wp-image-984 aligncenter\" src=\"https:\/\/www.afecvigo.es\/web\/wp-content\/uploads\/2020\/12\/mlpr.png\" alt=\"\" width=\"155\" height=\"187\" \/><\/p><p><img loading=\"lazy\" decoding=\"async\" class=\" wp-image-986 aligncenter\" src=\"https:\/\/www.afecvigo.es\/web\/wp-content\/uploads\/2020\/12\/pcg.png\" alt=\"\" width=\"162\" height=\"184\" \/><\/p>\t\t\t\t\t<\/div>\n\t\t\t\t\t\t<\/div>\n\t\t\t\t<\/div>\n\t\t\t\t\t\t<\/div>\n\t\t\t\t\t<\/div>\n\t\t<\/div>\n\t\t\t\t<div class=\"elementor-column elementor-col-33 elementor-top-column elementor-element elementor-element-b8941d5\" data-id=\"b8941d5\" data-element_type=\"column\">\n\t\t\t<div class=\"elementor-column-wrap elementor-element-populated\">\n\t\t\t\t\t\t\t<div class=\"elementor-widget-wrap\">\n\t\t\t\t\t\t<div class=\"elementor-element elementor-element-8722c74 elementor-widget elementor-widget-text-editor\" data-id=\"8722c74\" data-element_type=\"widget\" data-widget_type=\"text-editor.default\">\n\t\t\t\t<div class=\"elementor-widget-container\">\n\t\t\t\t\t\t\t\t<div class=\"elementor-text-editor elementor-clearfix\">\n\t\t\t\t<p style=\"text-align: left;\">\u00a0<\/p><p style=\"text-align: left;\">Esther P\u00e1jaro Nogueira<\/p><p style=\"text-align: left;\">Tel\u00e9fono: 986816445 &#8211; Ext: 281538<\/p><p>\u00a0<\/p><p>\u00a0<\/p><p style=\"text-align: left;\">Mar\u00eda Luisa Pi\u00f1eiro del R\u00edo<\/p><p style=\"text-align: left;\">Tel\u00e9fono: 986816439 &#8211; Ext: 281538<\/p><p>\u00a0<\/p><p>\u00a0<\/p><p style=\"text-align: left;\">Paz Garc\u00eda Cubillo<\/p><p style=\"text-align: left;\">Ext: 281705<\/p>\t\t\t\t\t<\/div>\n\t\t\t\t\t\t<\/div>\n\t\t\t\t<\/div>\n\t\t\t\t\t\t<\/div>\n\t\t\t\t\t<\/div>\n\t\t<\/div>\n\t\t\t\t\t\t\t\t<\/div>\n\t\t\t\t\t<\/div>\n\t\t<\/section>\n\t\t\t\t\t\t\t\t\t<\/div>\n\t\t\t<\/div>\n\t\t\t\t\t<\/div>\n\t\t","protected":false},"excerpt":{"rendered":"<p>A Unidade Docente Multidisciplinar de Atenci\u00f3n Familiar e Comunitaria foi acreditada, pola Direcci\u00f3n Xeral de Ordenanza Profesional do Ministerio de Sanidade, Servizos Soiciais e Igualdade, o 30 de xu\u00f1o de 2014, cunha capacidade docente de 24 residentes\/ano de Medicina Familiar e Comunitaria e 24 residentes\/ano de Enfermer\u00eda Familiar e Comunitaria. A Entidade Titular \u00e1 que &hellip;<\/p>\n<p class=\"read-more\"> <a class=\"\" href=\"https:\/\/www.afecvigo.es\/web\/?page_id=219\"> <span class=\"screen-reader-text\">Co\u00f1\u00e9cenos<\/span> Read More &raquo;<\/a><\/p>\n","protected":false},"author":1,"featured_media":2275,"parent":0,"menu_order":0,"comment_status":"closed","ping_status":"closed","template":"elementor_header_footer","meta":{"footnotes":""},"class_list":["post-219","page","type-page","status-publish","has-post-thumbnail","hentry"],"_links":{"self":[{"href":"https:\/\/www.afecvigo.es\/web\/index.php?rest_route=\/wp\/v2\/pages\/219","targetHints":{"allow":["GET"]}}],"collection":[{"href":"https:\/\/www.afecvigo.es\/web\/index.php?rest_route=\/wp\/v2\/pages"}],"about":[{"href":"https:\/\/www.afecvigo.es\/web\/index.php?rest_route=\/wp\/v2\/types\/page"}],"author":[{"embeddable":true,"href":"https:\/\/www.afecvigo.es\/web\/index.php?rest_route=\/wp\/v2\/users\/1"}],"replies":[{"embeddable":true,"href":"https:\/\/www.afecvigo.es\/web\/index.php?rest_route=%2Fwp%2Fv2%2Fcomments&post=219"}],"version-history":[{"count":92,"href":"https:\/\/www.afecvigo.es\/web\/index.php?rest_route=\/wp\/v2\/pages\/219\/revisions"}],"predecessor-version":[{"id":7892,"href":"https:\/\/www.afecvigo.es\/web\/index.php?rest_route=\/wp\/v2\/pages\/219\/revisions\/7892"}],"wp:featuredmedia":[{"embeddable":true,"href":"https:\/\/www.afecvigo.es\/web\/index.php?rest_route=\/wp\/v2\/media\/2275"}],"wp:attachment":[{"href":"https:\/\/www.afecvigo.es\/web\/index.php?rest_route=%2Fwp%2Fv2%2Fmedia&parent=219"}],"curies":[{"name":"wp","href":"https:\/\/api.w.org\/{rel}","templated":true}]}}